CRAN Package Check Results for Package qtlnet

Last updated on 2019-07-16 07:50:59 CEST.

Flavor Version Tinstall Tcheck Ttotal Status Flags
r-devel-linux-x86_64-debian-clang 1.4.4 21.46 178.19 199.65 NOTE
r-devel-linux-x86_64-debian-gcc 1.4.4 19.10 140.28 159.38 NOTE
r-devel-linux-x86_64-fedora-clang 1.4.4 214.61 NOTE
r-devel-linux-x86_64-fedora-gcc 1.4.4 215.84 NOTE
r-devel-windows-ix86+x86_64 1.4.4 53.00 172.00 225.00 OK
r-patched-linux-x86_64 1.4.4 21.56 179.50 201.06 OK
r-patched-solaris-x86 1.4.4 316.20 OK
r-release-linux-x86_64 1.4.4 21.85 178.30 200.15 OK
r-release-windows-ix86+x86_64 1.4.4 39.00 228.00 267.00 OK
r-release-osx-x86_64 1.4.4 ERROR
r-oldrel-windows-ix86+x86_64 1.4.4 34.00 157.00 191.00 OK
r-oldrel-osx-x86_64 1.4.4 OK

Check Details

Version: 1.4.4
Check: for non-standard things in the check directory
Result: NOTE
    Found the following files/directories:
     'Pscdbp.txt'
Flavors: r-devel-linux-x86_64-debian-clang, r-devel-linux-x86_64-debian-gcc, r-devel-linux-x86_64-fedora-clang, r-devel-linux-x86_64-fedora-gcc

Version: 1.4.4
Check: package dependencies
Result: ERROR
    Packages required but not available: 'graph', 'pcalg'
    
    See section ‘The DESCRIPTION file’ in the ‘Writing R Extensions’
    manual.
Flavor: r-release-osx-x86_64