CRAN Package Check Results for Package quadprog

Last updated on 2018-07-23 09:47:43 CEST.

Flavor Version Tinstall Tcheck Ttotal Status Flags
r-devel-linux-x86_64-debian-clang 1.5-5 2.80 17.69 20.49 NOTE
r-devel-linux-x86_64-debian-gcc 1.5-5 1.75 14.92 16.67 NOTE
r-devel-linux-x86_64-fedora-clang 1.5-5 24.67 NOTE
r-devel-linux-x86_64-fedora-gcc 1.5-5 23.61 NOTE
r-devel-windows-ix86+x86_64 1.5-5 16.00 38.00 54.00 NOTE
r-patched-linux-x86_64 1.5-5 NOTE
r-patched-solaris-x86 1.5-5 41.50 NOTE
r-release-linux-x86_64 1.5-5 2.29 17.59 19.88 NOTE
r-release-windows-ix86+x86_64 1.5-5 17.00 36.00 53.00 NOTE
r-release-osx-x86_64 1.5-5 NOTE
r-oldrel-windows-ix86+x86_64 1.5-5 10.00 33.00 43.00 NOTE
r-oldrel-osx-x86_64 1.5-5 NOTE

Check Details

Version: 1.5-5
Check: DESCRIPTION meta-information
Result: NOTE
    Malformed Title field: should not end in a period.
Flavors: r-devel-linux-x86_64-debian-clang, r-devel-linux-x86_64-debian-gcc, r-devel-linux-x86_64-fedora-clang, r-devel-linux-x86_64-fedora-gcc, r-devel-windows-ix86+x86_64, r-patched-linux-x86_64, r-patched-solaris-x86, r-release-linux-x86_64, r-release-windows-ix86+x86_64, r-release-osx-x86_64, r-oldrel-windows-ix86+x86_64, r-oldrel-osx-x86_64

Version: 1.5-5
Check: top-level files
Result: NOTE
    Non-standard files/directories found at top level:
     ‘LICENSE.GPL-2’ ‘LICENSE.GPL-3’
Flavors: r-devel-linux-x86_64-debian-clang, r-devel-linux-x86_64-debian-gcc, r-devel-linux-x86_64-fedora-clang, r-devel-linux-x86_64-fedora-gcc, r-patched-linux-x86_64, r-release-linux-x86_64