CRAN Package Check Results for Package qualV

Last updated on 2021-04-17 06:46:53 CEST.

Flavor Version Tinstall Tcheck Ttotal Status Flags
r-devel-linux-x86_64-debian-clang 0.3-3 3.75 35.56 39.31 OK
r-devel-linux-x86_64-debian-gcc 0.3-3 2.66 26.81 29.47 OK
r-devel-linux-x86_64-fedora-clang 0.3-3 58.17 OK
r-devel-linux-x86_64-fedora-gcc 0.3-3 47.30 OK
r-devel-windows-ix86+x86_64 0.3-3 11.00 57.00 68.00 OK
r-devel-windows-x86_64-gcc10-UCRT 0.3-3 OK
r-patched-linux-x86_64 0.3-3 3.18 34.38 37.56 OK
r-patched-solaris-x86 0.3-3 67.30 OK
r-release-linux-x86_64 0.3-3 2.84 34.54 37.38 OK
r-release-macos-x86_64 0.3-3 OK
r-release-windows-ix86+x86_64 0.3-3 8.00 16.00 24.00 FAIL
r-oldrel-macos-x86_64 0.3-3 OK
r-oldrel-windows-ix86+x86_64 0.3-3 8.00 65.00 73.00 OK

Check Details

Version: 0.3-3
Check: loading without being on the library search path
Result: FAIL
Flavor: r-release-windows-ix86+x86_64