CRAN Package Check Results for Package qualityTools

Last updated on 2018-10-17 11:48:51 CEST.

Flavor Version Tinstall Tcheck Ttotal Status Flags
r-devel-linux-x86_64-debian-clang 1.55 16.40 124.83 141.23 OK
r-devel-linux-x86_64-debian-gcc 1.55 16.55 95.63 112.18 OK
r-devel-linux-x86_64-fedora-clang 1.55 170.56 OK
r-devel-linux-x86_64-fedora-gcc 1.55 168.79 OK
r-devel-windows-ix86+x86_64 1.55 33.00 123.00 156.00 WARN
r-patched-linux-x86_64 1.55 17.21 121.76 138.97 OK
r-patched-solaris-x86 1.55 197.70 OK
r-release-linux-x86_64 1.55 16.77 121.90 138.67 OK
r-release-windows-ix86+x86_64 1.55 28.00 183.00 211.00 OK
r-release-osx-x86_64 1.55 OK
r-oldrel-windows-ix86+x86_64 1.55 12.00 152.00 164.00 OK
r-oldrel-osx-x86_64 1.55 NOTE

Check Details

Version: 1.55
Check: re-building of vignette outputs
Result: WARN
    Error in re-building vignettes:
     ...
    Loading required package: Rsolnp
    Loading required package: MASS
    
    Attaching package: 'qualityTools'
    
    The following object is masked from 'package:stats':
    
     sigma
    
    Warning in `[<-`(`*tmp*`, i, value = new("doeFactor")) :
     implicit list embedding of S4 objects is deprecated
    Warning in `[<-`(`*tmp*`, i, value = new("doeFactor")) :
     implicit list embedding of S4 objects is deprecated
    Warning in `[<-`(`*tmp*`, i, value = new("doeFactor")) :
     implicit list embedding of S4 objects is deprecated
    Warning in `[<-`(`*tmp*`, i, value = new("doeFactor")) :
     implicit list embedding of S4 objects is deprecated
    Warning in `[<-`(`*tmp*`, i, value = new("doeFactor")) :
     implicit list embedding of S4 objects is deprecated
    Warning in `[<-`(`*tmp*`, i, value = new("doeFactor")) :
     implicit list embedding of S4 objects is deprecated
    Warning in `[<-`(`*tmp*`, i, value = new("doeFactor")) :
     implicit list embedding of S4 objects is deprecated
    Warning in `[<-`(`*tmp*`, i, value = new("doeFactor")) :
     implicit list embedding of S4 objects is deprecated
    Warning in `[<-`(`*tmp*`, i, value = new("doeFactor")) :
     implicit list embedding of S4 objects is deprecated
    Warning in `[<-`(`*tmp*`, i, value = new("doeFactor")) :
     implicit list embedding of S4 objects is deprecated
    Warning in `[<-`(`*tmp*`, i, value = new("doeFactor")) :
     implicit list embedding of S4 objects is deprecated
    Warning in `[<-`(`*tmp*`, i, value = new("doeFactor")) :
     implicit list embedding of S4 objects is deprecated
    Warning in `[<-`(`*tmp*`, i, value = new("doeFactor")) :
     implicit list embedding of S4 objects is deprecated
    Warning in `[<-`(`*tmp*`, i, value = new("doeFactor")) :
     implicit list embedding of S4 objects is deprecated
    Warning in `[<-`(`*tmp*`, i, value = new("doeFactor")) :
     implicit list embedding of S4 objects is deprecated
    Warning in `[<-`(`*tmp*`, i, value = new("doeFactor")) :
     implicit list embedding of S4 objects is deprecated
    Warning in `[<-`(`*tmp*`, i, value = new("doeFactor")) :
     implicit list embedding of S4 objects is deprecated
    Warning in `[<-`(`*tmp*`, i, value = new("doeFactor")) :
     implicit list embedding of S4 objects is deprecated
    Warning in `[<-`(`*tmp*`, i, value = new("doeFactor")) :
     implicit list embedding of S4 objects is deprecated
    Warning in `[<-`(`*tmp*`, i, value = new("doeFactor")) :
     implicit list embedding of S4 objects is deprecated
    Warning in `[<-`(`*tmp*`, i, value = new("doeFactor")) :
     implicit list embedding of S4 objects is deprecated
    Warning in `[<-`(`*tmp*`, i, value = new("doeFactor")) :
     implicit list embedding of S4 objects is deprecated
    Warning in `[<-`(`*tmp*`, i, value = new("doeFactor")) :
     implicit list embedding of S4 objects is deprecated
    Warning in `[<-`(`*tmp*`, i, value = new("doeFactor")) :
     implicit list embedding of S4 objects is deprecated
    Warning in `[<-`(`*tmp*`, i, value = new("doeFactor")) :
     implicit list embedding of S4 objects is deprecated
    Warning in `[<-`(`*tmp*`, i, value = new("doeFactor")) :
     implicit list embedding of S4 objects is deprecated
    Warning in `[<-`(`*tmp*`, i, value = new("doeFactor")) :
     implicit list embedding of S4 objects is deprecated
    Warning in `[<-`(`*tmp*`, i, value = new("doeFactor")) :
     implicit list embedding of S4 objects is deprecated
    Warning in `[<-`(`*tmp*`, i, value = new("doeFactor")) :
     implicit list embedding of S4 objects is deprecated
    Warning in `[<-`(`*tmp*`, i, value = new("doeFactor")) :
     implicit list embedding of S4 objects is deprecated
    Warning in `[<-`(`*tmp*`, i, value = new("doeFactor")) :
     implicit list embedding of S4 objects is deprecated
    Warning in `[<-`(`*tmp*`, i, value = new("doeFactor")) :
     implicit list embedding of S4 objects is deprecated
    Warning in `[<-`(`*tmp*`, i, value = new("doeFactor")) :
     implicit list embedding of S4 objects is deprecated
    Warning in `[<-`(`*tmp*`, i, value = new("doeFactor")) :
     implicit list embedding of S4 objects is deprecated
    Warning in `[<-`(`*tmp*`, i, value = new("doeFactor")) :
     implicit list embedding of S4 objects is deprecated
    Warning in `[<-`(`*tmp*`, i, value = new("doeFactor")) :
     implicit list embedding of S4 objects is deprecated
    Warning in `[<-`(`*tmp*`, i, value = new("taguchiFactor")) :
     implicit list embedding of S4 objects is deprecated
    Warning in `[<-`(`*tmp*`, i, value = new("taguchiFactor")) :
     implicit list embedding of S4 objects is deprecated
    Warning in `[<-`(`*tmp*`, i, value = new("taguchiFactor")) :
     implicit list embedding of S4 objects is deprecated
    Warning in `[<-`(`*tmp*`, i, value = new("taguchiFactor")) :
     implicit list embedding of S4 objects is deprecated
    Warning in system(paste(shQuote(texi2dvi), if (quiet) "--quiet" else "", :
     running command '"D:\compiler\texmf\miktex\bin\texify.exe" --quiet --pdf "qualityTools.tex" --max-iterations=20 -I "D:/RCompile/recent/R/share/texmf/tex/latex" -I "D:/RCompile/recent/R/share/texmf/bibtex/bst"' had status 1
    Error in find_vignette_product(name, by = "texi2pdf", engine = engine) :
     Failed to locate the 'texi2pdf' output file (by engine 'utils::Sweave') for vignette with name 'qualityTools'. The following files exist in directory '.': 'RCode-077.R', 'RCode-078.R', 'RCode.r', 'Rplots.pdf', 'Sweavel.sty', 'qualityTools-002.pdf', 'qualityTools-006.pdf', 'qualityTools-009.pdf', 'qualityTools-010.pdf', 'qualityTools-013.pdf', 'qualityTools-015.pdf', 'qualityTools-022.pdf', 'qualityTools-023.pdf', 'qualityTools-026.pdf', 'qualityTools-028.pdf', 'qualityTools-034.pdf', 'qualityTools-038.pdf', 'qualityTools-040.pdf', 'qualityTools-044.pdf', 'qualityTools-051.pdf', 'qualityTools-052.pdf', 'qualityTools-056.pdf', 'qualityTools-061.pdf', 'qualityTools-062.pdf', 'qualityTools-072.pdf', 'qualityTools-073.pdf', 'qualityTools-075.pdf', 'qualityTools-076.pdf', 'qualityTools-077.tex', 'qualityTools-078.tex', 'qualityTools.rnw', 'qualityTools.tex', 'vignette.bib'
    Calls: buildVignettes -> find_vignette_product
    Execution halted
Flavor: r-devel-windows-ix86+x86_64

Version: 1.55
Check: re-building of vignette outputs
Result: NOTE
    Error in re-building vignettes:
     ...
     implicit list embedding of S4 objects is deprecated
    Warning in `[<-`(`*tmp*`, i, value = <S4 object of class "taguchiFactor">) :
     implicit list embedding of S4 objects is deprecated
    Warning in `[<-`(`*tmp*`, i, value = <S4 object of class "taguchiFactor">) :
     implicit list embedding of S4 objects is deprecated
    Warning in `[<-`(`*tmp*`, i, value = <S4 object of class "taguchiFactor">) :
     implicit list embedding of S4 objects is deprecated
    Warning in `[<-`(`*tmp*`, i, value = <S4 object of class "taguchiFactor">) :
     implicit list embedding of S4 objects is deprecated
    Error in texi2dvi(file = file, pdf = TRUE, clean = clean, quiet = quiet, :
     Running 'texi2dvi' on 'qualityTools.tex' failed.
    LaTeX errors:
    ! LaTeX Error: File `relsize.sty' not found.
    
    Type X to quit or <RETURN> to proceed,
    or enter new name. (Default extension: sty)
    
    ! Emergency stop.
    <read *>
    
    l.23 \RequirePackage
     [T1]{fontenc}^^M
    ! ==> Fatal error occurred, no output PDF file produced!
    Calls: buildVignettes -> texi2pdf -> texi2dvi
    Execution halted
Flavor: r-oldrel-osx-x86_64