CRAN Package Check Results for Package qualityTools

Last updated on 2018-08-16 01:47:00 CEST.

Flavor Version Tinstall Tcheck Ttotal Status Flags
r-devel-linux-x86_64-debian-clang 1.55 18.13 123.87 142.00 OK
r-devel-linux-x86_64-debian-gcc 1.55 16.82 97.99 114.81 OK
r-devel-linux-x86_64-fedora-clang 1.55 167.53 OK
r-devel-linux-x86_64-fedora-gcc 1.55 165.66 OK
r-devel-windows-ix86+x86_64 1.55 29.00 138.00 167.00 OK
r-patched-linux-x86_64 1.55 18.04 121.95 139.99 OK
r-patched-solaris-x86 1.55 200.10 OK
r-release-linux-x86_64 1.55 18.76 122.20 140.96 OK
r-release-windows-ix86+x86_64 1.55 35.00 177.00 212.00 OK
r-release-osx-x86_64 1.55 OK
r-oldrel-windows-ix86+x86_64 1.55 14.00 156.00 170.00 OK
r-oldrel-osx-x86_64 1.55 NOTE

Check Details

Version: 1.55
Check: re-building of vignette outputs
Result: NOTE
    Error in re-building vignettes:
     ...
     implicit list embedding of S4 objects is deprecated
    Warning in `[<-`(`*tmp*`, i, value = <S4 object of class "taguchiFactor">) :
     implicit list embedding of S4 objects is deprecated
    Warning in `[<-`(`*tmp*`, i, value = <S4 object of class "taguchiFactor">) :
     implicit list embedding of S4 objects is deprecated
    Warning in `[<-`(`*tmp*`, i, value = <S4 object of class "taguchiFactor">) :
     implicit list embedding of S4 objects is deprecated
    Warning in `[<-`(`*tmp*`, i, value = <S4 object of class "taguchiFactor">) :
     implicit list embedding of S4 objects is deprecated
    Error in texi2dvi(file = file, pdf = TRUE, clean = clean, quiet = quiet, :
     Running 'texi2dvi' on 'qualityTools.tex' failed.
    LaTeX errors:
    ! LaTeX Error: File `relsize.sty' not found.
    
    Type X to quit or <RETURN> to proceed,
    or enter new name. (Default extension: sty)
    
    ! Emergency stop.
    <read *>
    
    l.23 \RequirePackage
     [T1]{fontenc}^^M
    ! ==> Fatal error occurred, no output PDF file produced!
    Calls: buildVignettes -> texi2pdf -> texi2dvi
    Execution halted
Flavor: r-oldrel-osx-x86_64