Last updated on 2025-01-20 03:48:46 CET.
Flavor | Version | Tinstall | Tcheck | Ttotal | Status | Flags |
---|---|---|---|---|---|---|
r-devel-linux-x86_64-debian-clang | 0.4.4 | 19.29 | 36.09 | 55.38 | NOTE | |
r-devel-linux-x86_64-debian-gcc | 0.4.4 | 14.29 | 28.48 | 42.77 | NOTE | |
r-devel-linux-x86_64-fedora-clang | 0.4.4 | 104.21 | NOTE | |||
r-devel-linux-x86_64-fedora-gcc | 0.4.4 | 112.81 | NOTE | |||
r-devel-windows-x86_64 | 0.4.4 | 23.00 | 79.00 | 102.00 | NOTE | |
r-patched-linux-x86_64 | 0.4.4 | 18.91 | 34.36 | 53.27 | NOTE | |
r-release-linux-x86_64 | 0.4.4 | 19.31 | 34.69 | 54.00 | NOTE | |
r-release-macos-arm64 | 0.4.4 | 37.00 | NOTE | |||
r-release-macos-x86_64 | 0.4.4 | 51.00 | NOTE | |||
r-release-windows-x86_64 | 0.4.4 | 23.00 | 74.00 | 97.00 | NOTE | |
r-oldrel-macos-arm64 | 0.4.4 | 43.00 | OK | |||
r-oldrel-macos-x86_64 | 0.4.4 | 83.00 | OK | |||
r-oldrel-windows-x86_64 | 0.4.4 | 24.00 | 87.00 | 111.00 | OK |
Version: 0.4.4
Check: Rd files
Result: NOTE
checkRd: (-1) qualpal.Rd:22-28: Lost braces in \itemize; meant \describe ?
checkRd: (-1) qualpal.Rd:30-50: Lost braces in \itemize; meant \describe ?
Flavors: r-devel-linux-x86_64-debian-clang, r-devel-linux-x86_64-debian-gcc, r-devel-linux-x86_64-fedora-clang, r-devel-linux-x86_64-fedora-gcc, r-devel-windows-x86_64, r-patched-linux-x86_64, r-release-linux-x86_64, r-release-macos-arm64, r-release-macos-x86_64, r-release-windows-x86_64