CRAN Package Check Results for Package quanteda

Last updated on 2018-02-17 21:49:35 CET.

Flavor Version Tinstall Tcheck Ttotal Status Flags
r-devel-linux-x86_64-debian-clang 1.0.0 202.52 295.46 497.98 OK
r-devel-linux-x86_64-debian-gcc 1.0.0 183.41 218.73 402.14 OK
r-devel-linux-x86_64-fedora-clang 1.0.0 664.76 NOTE
r-devel-linux-x86_64-fedora-gcc 1.0.0 644.92 NOTE
r-devel-windows-ix86+x86_64 1.0.0 356.00 434.00 790.00 NOTE
r-patched-linux-x86_64 1.0.0 210.63 317.73 528.36 OK
r-patched-solaris-x86 1.0.0 919.60 NOTE
r-release-linux-x86_64 1.0.0 209.29 318.11 527.40 OK
r-release-windows-ix86+x86_64 1.0.0 554.00 464.00 1018.00 NOTE
r-release-osx-x86_64 1.0.0 NOTE
r-oldrel-windows-ix86+x86_64 0.99.9 415.00 646.00 1061.00 ERROR
r-oldrel-osx-x86_64 0.99.22 ERROR

Additional issues

clang-UBSAN gcc-UBSAN

Check Details

Version: 1.0.0
Check: installed package size
Result: NOTE
     installed size is 15.5Mb
     sub-directories of 1Mb or more:
     data 1.2Mb
     libs 12.7Mb
Flavors: r-devel-linux-x86_64-fedora-clang, r-devel-linux-x86_64-fedora-gcc, r-devel-windows-ix86+x86_64, r-release-windows-ix86+x86_64, r-release-osx-x86_64

Version: 1.0.0
Check: dependencies in R code
Result: NOTE
    Namespace in Imports field not imported from: ‘digest’
     All declared Imports should be used.
Flavors: r-devel-linux-x86_64-fedora-clang, r-devel-linux-x86_64-fedora-gcc, r-patched-solaris-x86, r-release-osx-x86_64

Version: 1.0.0
Check: data for non-ASCII characters
Result: NOTE
     Note: found 71 marked UTF-8 strings
Flavors: r-devel-linux-x86_64-fedora-clang, r-devel-linux-x86_64-fedora-gcc, r-patched-solaris-x86, r-release-osx-x86_64

Version: 0.99.9
Check: installed package size
Result: NOTE
     installed size is 5.4Mb
     sub-directories of 1Mb or more:
     libs 3.1Mb
Flavor: r-oldrel-windows-ix86+x86_64

Version: 0.99.9
Check: running tests for arch ‘i386’
Result: ERROR
     Running 'testthat.R' [162s]
    Running the tests in 'tests/testthat.R' failed.
    Last 13 lines of output:
     13: new("dfmSparse", Matrix(as.matrix(x), sparse = TRUE))
     14: initialize(value, ...)
     15: initialize(value, ...)
     16: callNextMethod()
     17: .nextMethod(.Object = .Object, ... = ...)
     18: `as<-`(`*tmp*`, Classi, value = <S4 object of class structure("dtCMatrix", package = "Matrix")>)
     19: asMethod(object, Class, value)
     20: slot(value, what)
    
     testthat results ================================================================
     OK: 1574 SKIPPED: 20 FAILED: 1
     1. Error: dfm_lookup raises error when dictionary has multi-word entries (@test-dfm_lookup.R#82)
    
     Error: testthat unit tests failed
     Execution halted
Flavor: r-oldrel-windows-ix86+x86_64

Version: 0.99.9
Check: running tests for arch ‘x64’
Result: ERROR
     Running 'testthat.R' [167s]
    Running the tests in 'tests/testthat.R' failed.
    Last 13 lines of output:
     13: new("dfmSparse", Matrix(as.matrix(x), sparse = TRUE))
     14: initialize(value, ...)
     15: initialize(value, ...)
     16: callNextMethod()
     17: .nextMethod(.Object = .Object, ... = ...)
     18: `as<-`(`*tmp*`, Classi, value = <S4 object of class structure("dtCMatrix", package = "Matrix")>)
     19: asMethod(object, Class, value)
     20: slot(value, what)
    
     testthat results ================================================================
     OK: 1574 SKIPPED: 20 FAILED: 1
     1. Error: dfm_lookup raises error when dictionary has multi-word entries (@test-dfm_lookup.R#82)
    
     Error: testthat unit tests failed
     Execution halted
Flavor: r-oldrel-windows-ix86+x86_64

Version: 0.99.22
Check: whether package can be installed
Result: ERROR
    Installation failed.
Flavor: r-oldrel-osx-x86_64