CRAN Package Check Results for Package quanteda

Last updated on 2017-05-29 06:47:13.

Flavor Version Tinstall Tcheck Ttotal Status Flags
r-devel-linux-x86_64-debian-clang 0.9.9-65 149.56 216.16 365.71 OK
r-devel-linux-x86_64-debian-gcc 0.9.9-65 166.70 200.12 366.83 OK
r-devel-linux-x86_64-fedora-clang 0.9.9-65 583.72 NOTE
r-devel-linux-x86_64-fedora-gcc 0.9.9-65 570.42 NOTE
r-devel-windows-ix86+x86_64 0.9.9-65 457.00 615.00 1072.00 WARN
r-patched-linux-x86_64 0.9.9-50 146.59 202.75 349.34 ERROR
r-patched-solaris-sparc 0.9.9-65 3822.80 NOTE
r-patched-solaris-x86 0.9.9-65 871.90 NOTE
r-release-linux-x86_64 0.9.9-65 142.85 210.82 353.66 OK
r-release-windows-ix86+x86_64 0.9.9-65 493.00 582.00 1075.00 NOTE
r-release-osx-x86_64 0.9.9-65 NOTE
r-oldrel-windows-ix86+x86_64 0.9.9-50 481.00 397.00 878.00 ERROR
r-oldrel-osx-x86_64 0.9.9-65 NOTE

Additional issues

clang-UBSAN clang-UBSAN

Check Details

Version: 0.9.9-65
Check: installed package size
Result: NOTE
     installed size is 15.3Mb
     sub-directories of 1Mb or more:
     data 1.2Mb
     libs 12.5Mb
Flavors: r-devel-linux-x86_64-fedora-clang, r-devel-linux-x86_64-fedora-gcc, r-devel-windows-ix86+x86_64, r-release-windows-ix86+x86_64, r-release-osx-x86_64, r-oldrel-osx-x86_64

Version: 0.9.9-65
Check: data for non-ASCII characters
Result: NOTE
     Note: found 1415 marked UTF-8 strings
Flavors: r-devel-linux-x86_64-fedora-clang, r-devel-linux-x86_64-fedora-gcc, r-patched-solaris-sparc, r-patched-solaris-x86, r-release-osx-x86_64, r-oldrel-osx-x86_64

Version: 0.9.9-65
Check: re-building of vignette outputs
Result: WARN
    Error in re-building vignettes:
     ...
    --smart/-S has been removed. Use +smart or -smart extension instead.
    For example: pandoc -f markdown+smart -t markdown-smart.
    Try pandoc.exe --help for more information.
    Warning: running command '"D:/compiler/pandoc/pandoc" +RTS -K512m -RTS quickstart.utf8.md --to html --from markdown+autolink_bare_uris+ascii_identifiers+tex_math_single_backslash --output quickstart.html --smart --email-obfuscation none --self-contained --standalone --section-divs --table-of-contents --toc-depth 3 --template "d:\RCompile\CRANpkg\lib\3.5\rmarkdown\rmd\h\default.html" --highlight-style pygments --css mystyle.css --mathjax --variable "mathjax-url:https://mathjax.rstudio.com/latest/MathJax.js?config=TeX-AMS-MML_HTMLorMML"' had status 2
    Error: processing vignette 'quickstart.Rmd' failed with diagnostics:
    pandoc document conversion failed with error 2
    Execution halted
Flavor: r-devel-windows-ix86+x86_64

Version: 0.9.9-50
Check: tests
Result: ERROR
     Running ‘testthat.R’ [89s/81s]
    Running the tests in ‘tests/testthat.R’ failed.
    Last 13 lines of output:
     testthat results ================================================================
     OK: 949 SKIPPED: 10 FAILED: 10
     1. Error: read a dictionary with NA as a key (@test-dictionaries.R#62)
     2. Failure: indexing for dictionary objects works (@test-dictionaries.R#113)
     3. Failure: indexing for dictionary objects works (@test-dictionaries.R#114)
     4. Failure: indexing for dictionary objects works (@test-dictionaries.R#115)
     5. Failure: indexing for dictionary objects works (@test-dictionaries.R#116)
     6. Failure: indexing for dictionary objects works (@test-dictionaries.R#118)
     7. Failure: indexing for dictionary objects works (@test-dictionaries.R#122)
     8. Failure: indexing for dictionary keys works (@test-dictionaries.R#136)
     9. Failure: indexing for dictionary keys works (@test-dictionaries.R#140)
     10. Failure: dictionary_depth works correctly (@test-dictionaries.R#156)
    
     Error: testthat unit tests failed
     Execution halted
Flavor: r-patched-linux-x86_64

Version: 0.9.9-50
Check: installed package size
Result: NOTE
     installed size is 5.4Mb
     sub-directories of 1Mb or more:
     data 1.2Mb
     libs 3.0Mb
Flavor: r-oldrel-windows-ix86+x86_64

Version: 0.9.9-50
Check: running tests for arch ‘i386’
Result: ERROR
     Running 'testthat.R' [113s]
    Running the tests in 'tests/testthat.R' failed.
    Last 13 lines of output:
     testthat results ================================================================
     OK: 941 SKIPPED: 12 FAILED: 10
     1. Error: read a dictionary with NA as a key (@test-dictionaries.R#62)
     2. Failure: indexing for dictionary objects works (@test-dictionaries.R#113)
     3. Failure: indexing for dictionary objects works (@test-dictionaries.R#114)
     4. Failure: indexing for dictionary objects works (@test-dictionaries.R#115)
     5. Failure: indexing for dictionary objects works (@test-dictionaries.R#116)
     6. Failure: indexing for dictionary objects works (@test-dictionaries.R#118)
     7. Failure: indexing for dictionary objects works (@test-dictionaries.R#122)
     8. Failure: indexing for dictionary keys works (@test-dictionaries.R#136)
     9. Failure: indexing for dictionary keys works (@test-dictionaries.R#140)
     10. Failure: dictionary_depth works correctly (@test-dictionaries.R#156)
    
     Error: testthat unit tests failed
     Execution halted
Flavor: r-oldrel-windows-ix86+x86_64

Version: 0.9.9-50
Check: running tests for arch ‘x64’
Result: ERROR
     Running 'testthat.R' [115s]
    Running the tests in 'tests/testthat.R' failed.
    Last 13 lines of output:
     testthat results ================================================================
     OK: 941 SKIPPED: 12 FAILED: 10
     1. Error: read a dictionary with NA as a key (@test-dictionaries.R#62)
     2. Failure: indexing for dictionary objects works (@test-dictionaries.R#113)
     3. Failure: indexing for dictionary objects works (@test-dictionaries.R#114)
     4. Failure: indexing for dictionary objects works (@test-dictionaries.R#115)
     5. Failure: indexing for dictionary objects works (@test-dictionaries.R#116)
     6. Failure: indexing for dictionary objects works (@test-dictionaries.R#118)
     7. Failure: indexing for dictionary objects works (@test-dictionaries.R#122)
     8. Failure: indexing for dictionary keys works (@test-dictionaries.R#136)
     9. Failure: indexing for dictionary keys works (@test-dictionaries.R#140)
     10. Failure: dictionary_depth works correctly (@test-dictionaries.R#156)
    
     Error: testthat unit tests failed
     Execution halted
Flavor: r-oldrel-windows-ix86+x86_64