CRAN Package Check Results for Package quanteda

Last updated on 2019-06-17 10:48:25 CEST.

Flavor Version Tinstall Tcheck Ttotal Status Flags
r-devel-linux-x86_64-debian-clang 1.4.3 270.27 387.18 657.45 ERROR
r-devel-linux-x86_64-debian-gcc 1.4.3 226.66 297.55 524.21 ERROR
r-devel-linux-x86_64-fedora-clang 1.4.3 874.19 ERROR
r-devel-linux-x86_64-fedora-gcc 1.4.3 824.27 ERROR
r-devel-windows-ix86+x86_64 1.4.3 689.00 842.00 1531.00 NOTE
r-patched-linux-x86_64 1.4.3 262.04 382.25 644.29 OK
r-patched-solaris-x86 1.4.3 1149.10 ERROR
r-release-linux-x86_64 1.4.3 260.47 379.07 639.54 ERROR
r-release-windows-ix86+x86_64 1.4.3 557.00 651.00 1208.00 NOTE
r-release-osx-x86_64 1.4.3 NOTE
r-oldrel-windows-ix86+x86_64 1.4.3 502.00 776.00 1278.00 NOTE
r-oldrel-osx-x86_64 1.4.3 NOTE

Check Details

Version: 1.4.3
Check: tests
Result: ERROR
     Running 'spelling.R' [0s/1s]
     Running 'testthat.R' [170s/165s]
    Running the tests in 'tests/testthat.R' failed.
    Complete output:
     > Sys.setenv("R_TESTS" = "")
     >
     > library(testthat)
     > library(quanteda)
     Package version: 1.4.3
     Parallel computing: 2 of 32 threads used.
     See https://quanteda.io for tutorials and examples.
    
     Attaching package: 'quanteda'
    
     The following object is masked from 'package:utils':
    
     View
    
     >
     > Sys.setenv("_R_CHECK_LENGTH_1_CONDITION_" = TRUE)
     >
     > ops <- quanteda_options()
     > quanteda_options(reset = TRUE)
     >
     > test_check("quanteda")
     -- 1. Error: as.dictionary function works for tidytext sentiment (@test-as.dicti
     object 'lexicon' not found
     1: expect_true(is.dictionary(as.dictionary(subset(sentiments, lexicon == "nrc")))) at testthat/test-as.dictionary.R:63
     2: quasi_label(enquo(object), label, arg = "object")
     3: eval_bare(get_expr(quo), get_env(quo))
     4: is.dictionary(as.dictionary(subset(sentiments, lexicon == "nrc")))
     5: is(x, "dictionary2")
     6: as.dictionary(subset(sentiments, lexicon == "nrc"))
     7: subset(sentiments, lexicon == "nrc")
     8: subset.data.frame(sentiments, lexicon == "nrc")
     9: eval(e, x, parent.frame())
     10: eval(e, x, parent.frame())
    
     ISNULLVALUE== testthat results ===========================================================
     OK: 2716 SKIPPED: 19 WARNINGS: 2 FAILED: 1
     1. Error: as.dictionary function works for tidytext sentiment (@test-as.dictionary.R#63)
    
     Error: testthat unit tests failed
     Execution halted
Flavor: r-devel-linux-x86_64-debian-clang

Version: 1.4.3
Check: tests
Result: ERROR
     Running ‘spelling.R’ [0s/1s]
     Running ‘testthat.R’ [131s/165s]
    Running the tests in ‘tests/testthat.R’ failed.
    Complete output:
     > Sys.setenv("R_TESTS" = "")
     >
     > library(testthat)
     > library(quanteda)
     Package version: 1.4.3
     Parallel computing: 2 of 32 threads used.
     See https://quanteda.io for tutorials and examples.
    
     Attaching package: 'quanteda'
    
     The following object is masked from 'package:utils':
    
     View
    
     >
     > Sys.setenv("_R_CHECK_LENGTH_1_CONDITION_" = TRUE)
     >
     > ops <- quanteda_options()
     > quanteda_options(reset = TRUE)
     >
     > test_check("quanteda")
     ── 1. Error: as.dictionary function works for tidytext sentiment (@test-as.dicti
     object 'lexicon' not found
     1: expect_true(is.dictionary(as.dictionary(subset(sentiments, lexicon == "nrc")))) at testthat/test-as.dictionary.R:63
     2: quasi_label(enquo(object), label, arg = "object")
     3: eval_bare(get_expr(quo), get_env(quo))
     4: is.dictionary(as.dictionary(subset(sentiments, lexicon == "nrc")))
     5: is(x, "dictionary2")
     6: as.dictionary(subset(sentiments, lexicon == "nrc"))
     7: subset(sentiments, lexicon == "nrc")
     8: subset.data.frame(sentiments, lexicon == "nrc")
     9: eval(e, x, parent.frame())
     10: eval(e, x, parent.frame())
    
     ISNULLVALUE══ testthat results ═══════════════════════════════════════════════════════════
     OK: 2716 SKIPPED: 19 WARNINGS: 2 FAILED: 1
     1. Error: as.dictionary function works for tidytext sentiment (@test-as.dictionary.R#63)
    
     Error: testthat unit tests failed
     Execution halted
Flavor: r-devel-linux-x86_64-debian-gcc

Version: 1.4.3
Check: installed package size
Result: NOTE
     installed size is 18.8Mb
     sub-directories of 1Mb or more:
     R 1.1Mb
     data 1.3Mb
     libs 15.5Mb
Flavors: r-devel-linux-x86_64-fedora-clang, r-devel-windows-ix86+x86_64, r-patched-solaris-x86, r-release-windows-ix86+x86_64, r-release-osx-x86_64, r-oldrel-windows-ix86+x86_64, r-oldrel-osx-x86_64

Version: 1.4.3
Check: data for non-ASCII characters
Result: NOTE
     Note: found 71 marked UTF-8 strings
Flavors: r-devel-linux-x86_64-fedora-clang, r-devel-linux-x86_64-fedora-gcc, r-patched-solaris-x86, r-release-osx-x86_64, r-oldrel-osx-x86_64

Version: 1.4.3
Check: tests
Result: ERROR
     Running ‘spelling.R’
     Running ‘testthat.R’ [192s/183s]
    Running the tests in ‘tests/testthat.R’ failed.
    Complete output:
     > Sys.setenv("R_TESTS" = "")
     >
     > library(testthat)
     > library(quanteda)
     Package version: 1.4.3
     Parallel computing: 2 of 24 threads used.
     See https://quanteda.io for tutorials and examples.
    
     Attaching package: 'quanteda'
    
     The following object is masked from 'package:utils':
    
     View
    
     >
     > Sys.setenv("_R_CHECK_LENGTH_1_CONDITION_" = TRUE)
     >
     > ops <- quanteda_options()
     > quanteda_options(reset = TRUE)
     >
     > test_check("quanteda")
     ── 1. Error: as.dictionary function works for tidytext sentiment (@test-as.dicti
     object 'lexicon' not found
     1: expect_true(is.dictionary(as.dictionary(subset(sentiments, lexicon == "nrc")))) at testthat/test-as.dictionary.R:63
     2: quasi_label(enquo(object), label, arg = "object")
     3: eval_bare(get_expr(quo), get_env(quo))
     4: is.dictionary(as.dictionary(subset(sentiments, lexicon == "nrc")))
     5: is(x, "dictionary2")
     6: as.dictionary(subset(sentiments, lexicon == "nrc"))
     7: subset(sentiments, lexicon == "nrc")
     8: subset.data.frame(sentiments, lexicon == "nrc")
     9: eval(e, x, parent.frame())
     10: eval(e, x, parent.frame())
    
     ISNULLVALUE══ testthat results ═══════════════════════════════════════════════════════════
     OK: 2716 SKIPPED: 19 WARNINGS: 2 FAILED: 1
     1. Error: as.dictionary function works for tidytext sentiment (@test-as.dictionary.R#63)
    
     Error: testthat unit tests failed
     Execution halted
Flavor: r-devel-linux-x86_64-fedora-clang

Version: 1.4.3
Check: tests
Result: ERROR
     Running ‘spelling.R’
     Running ‘testthat.R’ [190s/184s]
    Running the tests in ‘tests/testthat.R’ failed.
    Complete output:
     > Sys.setenv("R_TESTS" = "")
     >
     > library(testthat)
     > library(quanteda)
     Package version: 1.4.3
     Parallel computing: 2 of 24 threads used.
     See https://quanteda.io for tutorials and examples.
    
     Attaching package: 'quanteda'
    
     The following object is masked from 'package:utils':
    
     View
    
     >
     > Sys.setenv("_R_CHECK_LENGTH_1_CONDITION_" = TRUE)
     >
     > ops <- quanteda_options()
     > quanteda_options(reset = TRUE)
     >
     > test_check("quanteda")
     ── 1. Error: as.dictionary function works for tidytext sentiment (@test-as.dicti
     object 'lexicon' not found
     1: expect_true(is.dictionary(as.dictionary(subset(sentiments, lexicon == "nrc")))) at testthat/test-as.dictionary.R:63
     2: quasi_label(enquo(object), label, arg = "object")
     3: eval_bare(get_expr(quo), get_env(quo))
     4: is.dictionary(as.dictionary(subset(sentiments, lexicon == "nrc")))
     5: is(x, "dictionary2")
     6: as.dictionary(subset(sentiments, lexicon == "nrc"))
     7: subset(sentiments, lexicon == "nrc")
     8: subset.data.frame(sentiments, lexicon == "nrc")
     9: eval(e, x, parent.frame())
     10: eval(e, x, parent.frame())
    
     ISNULLVALUE══ testthat results ═══════════════════════════════════════════════════════════
     OK: 2716 SKIPPED: 19 WARNINGS: 2 FAILED: 1
     1. Error: as.dictionary function works for tidytext sentiment (@test-as.dictionary.R#63)
    
     Error: testthat unit tests failed
     Execution halted
Flavor: r-devel-linux-x86_64-fedora-gcc

Version: 1.4.3
Check: for unstated dependencies in ‘tests’
Result: WARN
    Warning in deparse(e[[2L]]) :
     it is not known that wchar_t is Unicode on this platform
    Warning in deparse(e[[2L]]) :
     it is not known that wchar_t is Unicode on this platform
    Warning in deparse(e[[2L]]) :
     it is not known that wchar_t is Unicode on this platform
    Warning in deparse(e[[2L]]) :
     it is not known that wchar_t is Unicode on this platform
    Warning in deparse(e[[2L]]) :
     it is not known that wchar_t is Unicode on this platform
    Warning in deparse(e[[2L]]) :
     it is not known that wchar_t is Unicode on this platform
    Warning in deparse(e[[2L]]) :
     it is not known that wchar_t is Unicode on this platform
    Warning in deparse(e[[2L]]) :
     it is not known that wchar_t is Unicode on this platform
    Warning in deparse(e[[2L]]) :
     it is not known that wchar_t is Unicode on this platform
    Warning in deparse(e[[2L]]) :
     it is not known that wchar_t is Unicode on this platform
Flavor: r-patched-solaris-x86

Version: 1.4.3
Check: tests
Result: ERROR
     Running ‘spelling.R’
     Running ‘testthat.R’ [408s/310s]
    Running the tests in ‘tests/testthat.R’ failed.
    Complete output:
     > Sys.setenv("R_TESTS" = "")
     >
     > library(testthat)
     > library(quanteda)
     Package version: 1.4.3
     Parallel computing: 2 of 16 threads used.
     See https://quanteda.io for tutorials and examples.
    
     Attaching package: 'quanteda'
    
     The following object is masked from 'package:utils':
    
     View
    
     >
     > Sys.setenv("_R_CHECK_LENGTH_1_CONDITION_" = TRUE)
     >
     > ops <- quanteda_options()
     > quanteda_options(reset = TRUE)
     >
     > test_check("quanteda")
     ── 1. Error: as.dictionary function works for tidytext sentiment (@test-as.dicti
     object 'lexicon' not found
     1: expect_true(is.dictionary(as.dictionary(subset(sentiments, lexicon == "nrc")))) at testthat/test-as.dictionary.R:63
     2: quasi_label(enquo(object), label, arg = "object")
     3: eval_bare(get_expr(quo), get_env(quo))
     4: is.dictionary(as.dictionary(subset(sentiments, lexicon == "nrc")))
     5: is(x, "dictionary2")
     6: as.dictionary(subset(sentiments, lexicon == "nrc"))
     7: subset(sentiments, lexicon == "nrc")
     8: subset.data.frame(sentiments, lexicon == "nrc")
     9: eval(e, x, parent.frame())
     10: eval(e, x, parent.frame())
    
     ISNULLVALUE══ testthat results ═══════════════════════════════════════════════════════════
     OK: 2714 SKIPPED: 21 WARNINGS: 12 FAILED: 1
     1. Error: as.dictionary function works for tidytext sentiment (@test-as.dictionary.R#63)
    
     Error: testthat unit tests failed
     Execution halted
Flavor: r-patched-solaris-x86

Version: 1.4.3
Check: tests
Result: ERROR
     Running ‘spelling.R’ [0s/1s]
     Running ‘testthat.R’ [165s/160s]
    Running the tests in ‘tests/testthat.R’ failed.
    Complete output:
     > Sys.setenv("R_TESTS" = "")
     >
     > library(testthat)
     > library(quanteda)
     Package version: 1.4.3
     Parallel computing: 2 of 32 threads used.
     See https://quanteda.io for tutorials and examples.
    
     Attaching package: 'quanteda'
    
     The following object is masked from 'package:utils':
    
     View
    
     >
     > Sys.setenv("_R_CHECK_LENGTH_1_CONDITION_" = TRUE)
     >
     > ops <- quanteda_options()
     > quanteda_options(reset = TRUE)
     >
     > test_check("quanteda")
     ── 1. Error: as.dictionary function works for tidytext sentiment (@test-as.dicti
     object 'lexicon' not found
     1: expect_true(is.dictionary(as.dictionary(subset(sentiments, lexicon == "nrc")))) at testthat/test-as.dictionary.R:63
     2: quasi_label(enquo(object), label, arg = "object")
     3: eval_bare(get_expr(quo), get_env(quo))
     4: is.dictionary(as.dictionary(subset(sentiments, lexicon == "nrc")))
     5: is(x, "dictionary2")
     6: as.dictionary(subset(sentiments, lexicon == "nrc"))
     7: subset(sentiments, lexicon == "nrc")
     8: subset.data.frame(sentiments, lexicon == "nrc")
     9: eval(e, x, parent.frame())
     10: eval(e, x, parent.frame())
    
     ISNULLVALUE══ testthat results ═══════════════════════════════════════════════════════════
     OK: 2716 SKIPPED: 19 WARNINGS: 2 FAILED: 1
     1. Error: as.dictionary function works for tidytext sentiment (@test-as.dictionary.R#63)
    
     Error: testthat unit tests failed
     Execution halted
Flavor: r-release-linux-x86_64