CRAN Package Check Results for Package quanteda

Last updated on 2017-09-20 19:47:29.

Flavor Version Tinstall Tcheck Ttotal Status Flags
r-devel-linux-x86_64-debian-clang 0.99 163.56 228.26 391.82 OK
r-devel-linux-x86_64-debian-gcc 0.99 179.18 223.25 402.44 OK
r-devel-linux-x86_64-fedora-clang 0.99 818.43 NOTE
r-devel-linux-x86_64-fedora-gcc 0.99 808.86 NOTE
r-devel-windows-ix86+x86_64 0.99 406.00 717.00 1123.00 NOTE
r-patched-linux-x86_64 0.99 176.41 226.40 402.81 OK
r-patched-solaris-x86 0.99 1290.90 NOTE
r-release-linux-x86_64 0.99 173.75 223.85 397.59 OK
r-release-windows-ix86+x86_64 0.99 478.00 578.00 1056.00 NOTE
r-release-osx-x86_64 0.99 ERROR
r-oldrel-windows-ix86+x86_64 0.99 440.00 515.00 955.00 ERROR
r-oldrel-osx-x86_64 0.99 ERROR

Additional issues

clang-UBSAN

Check Details

Version: 0.99
Check: installed package size
Result: NOTE
     installed size is 17.4Mb
     sub-directories of 1Mb or more:
     libs 15.0Mb
Flavors: r-devel-linux-x86_64-fedora-clang, r-devel-linux-x86_64-fedora-gcc, r-devel-windows-ix86+x86_64, r-release-windows-ix86+x86_64, r-release-osx-x86_64, r-oldrel-windows-ix86+x86_64, r-oldrel-osx-x86_64

Version: 0.99
Check: data for non-ASCII characters
Result: NOTE
     Note: found 1415 marked UTF-8 strings
Flavors: r-devel-linux-x86_64-fedora-clang, r-devel-linux-x86_64-fedora-gcc, r-patched-solaris-x86, r-release-osx-x86_64, r-oldrel-osx-x86_64

Version: 0.99
Check: tests
Result: ERROR
     Running ‘testthat.R’ [211s/194s]
    Running the tests in ‘tests/testthat.R’ failed.
    Last 13 lines of output:
     grow_dtm = FALSE, skip_grams_window = 3L))) at testthat/test-fcm.R:13
     2: eval(code, test_env)
    
    
     |
     | | 0%
     |
     |======================================================================| 100%
     testthat results ================================================================
     OK: 1491 SKIPPED: 6 FAILED: 2
     1. Error: test stm converter: under extreme situations (@test-convert.R#119)
     2. Error: compare the output feature co-occurrence matrix to that of the text2vec package (@test-fcm.R#13)
    
     Error: testthat unit tests failed
     Execution halted
Flavor: r-release-osx-x86_64

Version: 0.99
Check: running tests for arch ‘i386’
Result: ERROR
     Running 'testthat.R' [136s]
    Running the tests in 'tests/testthat.R' failed.
    Last 13 lines of output:
     seq_len(ncol(x))) else colnames(x))))
     14: initialize(value, ...)
     15: initialize(value, ...)
     16: callNextMethod()
     17: .nextMethod(.Object = .Object, ... = ...)
     18: `as<-`(`*tmp*`, Classi, value = <S4 object of class structure("dtCMatrix", package = "Matrix")>)
     19: asMethod(object, Class, value)
     20: slot(value, what)
    
     testthat results ================================================================
     OK: 1446 SKIPPED: 21 FAILED: 1
     1. Error: dfm_lookup raises error when dictionary has multi-word entries (@test-dfm_lookup.R#82)
    
     Error: testthat unit tests failed
     Execution halted
Flavor: r-oldrel-windows-ix86+x86_64

Version: 0.99
Check: running tests for arch ‘x64’
Result: ERROR
     Running 'testthat.R' [142s]
    Running the tests in 'tests/testthat.R' failed.
    Last 13 lines of output:
     seq_len(ncol(x))) else colnames(x))))
     14: initialize(value, ...)
     15: initialize(value, ...)
     16: callNextMethod()
     17: .nextMethod(.Object = .Object, ... = ...)
     18: `as<-`(`*tmp*`, Classi, value = <S4 object of class structure("dtCMatrix", package = "Matrix")>)
     19: asMethod(object, Class, value)
     20: slot(value, what)
    
     testthat results ================================================================
     OK: 1446 SKIPPED: 21 FAILED: 1
     1. Error: dfm_lookup raises error when dictionary has multi-word entries (@test-dfm_lookup.R#82)
    
     Error: testthat unit tests failed
     Execution halted
Flavor: r-oldrel-windows-ix86+x86_64

Version: 0.99
Check: tests
Result: ERROR
    Running the tests in ‘tests/testthat.R’ failed.
    Last 13 lines of output:
    
     |
     | | 0%
     |
     |======================================================================| 100%
     testthat results ================================================================
     OK: 1490 SKIPPED: 6 FAILED: 3
     1. Error: test stm converter: under extreme situations (@test-convert.R#119)
     2. Error: dfm_lookup raises error when dictionary has multi-word entries (@test-dfm_lookup.R#82)
     3. Error: compare the output feature co-occurrence matrix to that of the text2vec package (@test-fcm.R#13)
    
     Error: testthat unit tests failed
     Execution halted
Flavor: r-oldrel-osx-x86_64