CRAN Package Check Results for Package quanteda

Last updated on 2018-04-24 15:48:23 CEST.

Flavor Version Tinstall Tcheck Ttotal Status Flags
r-devel-linux-x86_64-debian-clang 1.2.0 221.16 302.89 524.05 OK
r-devel-linux-x86_64-debian-gcc 1.2.0 187.76 230.47 418.23 OK
r-devel-linux-x86_64-fedora-clang 1.2.0 693.10 NOTE
r-devel-linux-x86_64-fedora-gcc 1.2.0 668.89 NOTE
r-devel-windows-ix86+x86_64 1.2.0 567.00 473.00 1040.00 NOTE
r-patched-linux-x86_64 1.2.0 221.03 288.98 510.01 OK
r-patched-solaris-x86 1.2.0 897.30 NOTE
r-release-linux-x86_64 1.2.0 218.89 295.34 514.23 OK
r-release-windows-ix86+x86_64 1.2.0 567.00 473.00 1040.00 NOTE
r-release-osx-x86_64 1.2.0 NOTE
r-oldrel-windows-ix86+x86_64 1.2.0 422.00 536.00 958.00 NOTE
r-oldrel-osx-x86_64 1.2.0 NOTE

Additional issues

clang-UBSAN gcc-UBSAN

Check Details

Version: 1.2.0
Check: installed package size
Result: NOTE
     installed size is 15.8Mb
     sub-directories of 1Mb or more:
     data 1.2Mb
     libs 12.9Mb
Flavors: r-devel-linux-x86_64-fedora-clang, r-devel-linux-x86_64-fedora-gcc, r-devel-windows-ix86+x86_64, r-release-windows-ix86+x86_64, r-release-osx-x86_64, r-oldrel-windows-ix86+x86_64, r-oldrel-osx-x86_64

Version: 1.2.0
Check: data for non-ASCII characters
Result: NOTE
     Note: found 71 marked UTF-8 strings
Flavors: r-devel-linux-x86_64-fedora-clang, r-devel-linux-x86_64-fedora-gcc, r-patched-solaris-x86, r-release-osx-x86_64, r-oldrel-osx-x86_64