CRAN Package Check Results for Package quantilogram

Last updated on 2023-01-29 23:03:17 CET.

Flavor Version Tinstall Tcheck Ttotal Status Flags
r-devel-linux-x86_64-debian-clang 2.2.1 10.20 88.90 99.10 OK
r-devel-linux-x86_64-debian-gcc 2.2.1 8.72 67.91 76.63 OK
r-devel-linux-x86_64-fedora-clang 2.2.1 127.78 NOTE
r-devel-linux-x86_64-fedora-gcc 2.2.1 118.42 NOTE
r-devel-windows-x86_64 2.2.1 44.00 123.00 167.00 OK
r-patched-linux-x86_64 2.2.1 10.68 83.72 94.40 OK
r-release-linux-x86_64 2.2.1 10.98 84.66 95.64 OK
r-release-macos-arm64 2.2.1 50.00 NOTE
r-release-macos-x86_64 2.2.1 52.00 NOTE
r-release-windows-x86_64 2.2.1 46.00 115.00 161.00 OK
r-oldrel-macos-arm64 2.2.1 30.00 NOTE
r-oldrel-macos-x86_64 2.2.1 47.00 NOTE
r-oldrel-windows-ix86+x86_64 2.2.1 22.00 111.00 133.00 OK

Check Details

Version: 2.2.1
Check: dependencies in R code
Result: NOTE
    Namespace in Imports field not imported from: ‘SparseM’
     All declared Imports should be used.
Flavors: r-devel-linux-x86_64-fedora-clang, r-devel-linux-x86_64-fedora-gcc, r-release-macos-arm64, r-release-macos-x86_64, r-oldrel-macos-arm64, r-oldrel-macos-x86_64