CRAN Package Check Results for Package quantkriging

Last updated on 2021-06-17 21:52:53 CEST.

Flavor Version Tinstall Tcheck Ttotal Status Flags
r-devel-linux-x86_64-debian-clang 0.1.0 3.56 63.17 66.73 NOTE
r-devel-linux-x86_64-debian-gcc 0.1.0 2.57 46.74 49.31 NOTE
r-devel-linux-x86_64-fedora-clang 0.1.0 90.60 NOTE
r-devel-linux-x86_64-fedora-gcc 0.1.0 81.49 NOTE
r-devel-windows-x86_64 0.1.0 6.00 83.00 89.00 NOTE
r-devel-windows-x86_64-gcc10-UCRT 0.1.0 NOTE
r-patched-linux-x86_64 0.1.0 3.55 60.26 63.81 NOTE
r-patched-solaris-x86 0.1.0 102.10 NOTE
r-release-linux-x86_64 0.1.0 3.06 60.02 63.08 NOTE
r-release-macos-arm64 0.1.0 NOTE
r-release-macos-x86_64 0.1.0 NOTE
r-release-windows-ix86+x86_64 0.1.0 7.00 85.00 92.00 NOTE
r-oldrel-macos-x86_64 0.1.0 OK
r-oldrel-windows-ix86+x86_64 0.1.0 5.00 85.00 90.00 OK

Check Details

Version: 0.1.0
Check: LazyData
Result: NOTE
     'LazyData' is specified without a 'data' directory
Flavors: r-devel-linux-x86_64-debian-clang, r-devel-linux-x86_64-debian-gcc, r-devel-linux-x86_64-fedora-clang, r-devel-linux-x86_64-fedora-gcc, r-devel-windows-x86_64, r-devel-windows-x86_64-gcc10-UCRT, r-patched-linux-x86_64, r-patched-solaris-x86, r-release-linux-x86_64, r-release-macos-arm64, r-release-macos-x86_64, r-release-windows-ix86+x86_64