CRAN Package Check Results for Package quantoptr

Last updated on 2024-03-04 06:48:25 CET.

Flavor Version Tinstall Tcheck Ttotal Status Flags
r-devel-linux-x86_64-debian-clang 0.1.3 10.46 100.51 110.97 NOTE
r-devel-linux-x86_64-debian-gcc 0.1.3 8.82 76.30 85.12 NOTE
r-devel-linux-x86_64-fedora-clang 0.1.3 134.98 NOTE
r-devel-linux-x86_64-fedora-gcc 0.1.3 133.20 NOTE
r-devel-windows-x86_64 0.1.3 10.00 91.00 101.00 NOTE
r-patched-linux-x86_64 0.1.3 12.07 98.31 110.38 NOTE
r-release-linux-x86_64 0.1.3 10.53 98.47 109.00 NOTE
r-release-macos-arm64 0.1.3 43.00 NOTE
r-release-macos-x86_64 0.1.3 71.00 NOTE
r-release-windows-x86_64 0.1.3 15.00 106.00 121.00 NOTE
r-oldrel-macos-arm64 0.1.3 56.00 NOTE
r-oldrel-windows-x86_64 0.1.3 13.00 106.00 119.00 NOTE

Check Details

Version: 0.1.3
Check: LazyData
Result: NOTE 'LazyData' is specified without a 'data' directory Flavors: r-devel-linux-x86_64-debian-clang, r-devel-linux-x86_64-debian-gcc, r-devel-linux-x86_64-fedora-clang, r-devel-linux-x86_64-fedora-gcc, r-devel-windows-x86_64, r-patched-linux-x86_64, r-release-linux-x86_64, r-release-macos-arm64, r-release-macos-x86_64, r-release-windows-x86_64, r-oldrel-macos-arm64, r-oldrel-windows-x86_64