CRAN Package Check Results for Package quantregRanger

Last updated on 2022-08-11 09:53:26 CEST.

Flavor Version Tinstall Tcheck Ttotal Status Flags
r-devel-linux-x86_64-debian-clang 1.0 47.03 37.82 84.85 NOTE
r-devel-linux-x86_64-debian-gcc 1.0 34.08 29.62 63.70 NOTE
r-devel-linux-x86_64-fedora-clang 1.0 131.12 NOTE
r-devel-linux-x86_64-fedora-gcc 1.0 111.83 NOTE
r-devel-windows-x86_64 1.0 60.00 79.00 139.00 NOTE
r-patched-linux-x86_64 1.0 35.73 36.72 72.45 NOTE
r-release-linux-x86_64 1.0 NOTE
r-release-macos-arm64 1.0 34.00 NOTE
r-release-macos-x86_64 1.0 44.00 NOTE
r-release-windows-x86_64 1.0 56.00 82.00 138.00 NOTE
r-oldrel-macos-arm64 1.0 42.00 NOTE
r-oldrel-macos-x86_64 1.0 62.00 NOTE
r-oldrel-windows-ix86+x86_64 1.0 109.00 91.00 200.00 NOTE

Check Details

Version: 1.0
Check: LazyData
Result: NOTE
     'LazyData' is specified without a 'data' directory
Flavors: r-devel-linux-x86_64-debian-clang, r-devel-linux-x86_64-debian-gcc, r-devel-linux-x86_64-fedora-clang, r-devel-linux-x86_64-fedora-gcc, r-devel-windows-x86_64, r-patched-linux-x86_64, r-release-linux-x86_64, r-release-macos-arm64, r-release-macos-x86_64, r-release-windows-x86_64, r-oldrel-macos-arm64, r-oldrel-macos-x86_64, r-oldrel-windows-ix86+x86_64