CRAN Package Check Results for Package quantspec

Last updated on 2019-04-21 22:47:33 CEST.

Flavor Version Tinstall Tcheck Ttotal Status Flags
r-devel-linux-x86_64-debian-clang 1.2-1 29.96 166.77 196.73 OK
r-devel-linux-x86_64-debian-gcc 1.2-1 26.27 127.44 153.71 OK
r-devel-linux-x86_64-fedora-clang 1.2-1 233.79 NOTE
r-devel-linux-x86_64-fedora-gcc 1.2-1 223.00 NOTE
r-devel-windows-ix86+x86_64 1.2-1 81.00 242.00 323.00 OK
r-patched-linux-x86_64 1.2-1 26.72 167.28 194.00 OK
r-patched-solaris-x86 1.2-1 327.20 OK
r-release-linux-x86_64 1.2-1 25.64 168.75 194.39 OK
r-release-windows-ix86+x86_64 1.2-1 53.00 326.00 379.00 OK
r-release-osx-x86_64 1.2-1 OK
r-oldrel-windows-ix86+x86_64 1.2-1 54.00 336.00 390.00 OK
r-oldrel-osx-x86_64 1.2-1 OK

Check Details

Version: 1.2-1
Check: compiled code
Result: NOTE
    File ‘quantspec/libs/quantspec.so’:
     Found no calls to: ‘R_registerRoutines’, ‘R_useDynamicSymbols’
    
    It is good practice to register native routines and to disable symbol
    search.
    
    See ‘Writing portable packages’ in the ‘Writing R Extensions’ manual.
Flavors: r-devel-linux-x86_64-fedora-clang, r-devel-linux-x86_64-fedora-gcc