Last updated on 2023-12-07 14:49:29 CET.
Flavor | Version | Tinstall | Tcheck | Ttotal | Status | Flags |
---|---|---|---|---|---|---|
r-devel-linux-x86_64-debian-clang | 1.2-3 | 49.53 | 196.43 | 245.96 | NOTE | |
r-devel-linux-x86_64-debian-gcc | 1.2-3 | 29.76 | 148.35 | 178.11 | NOTE | |
r-devel-linux-x86_64-fedora-clang | 1.2-3 | 312.94 | OK | |||
r-devel-linux-x86_64-fedora-gcc | 1.2-3 | 328.18 | OK | |||
r-devel-windows-x86_64 | 1.2-3 | 36.00 | 208.00 | 244.00 | OK | |
r-patched-linux-x86_64 | 1.2-3 | 40.01 | 200.60 | 240.61 | OK | |
r-release-linux-x86_64 | 1.2-3 | 38.65 | 193.55 | 232.20 | OK | |
r-release-macos-arm64 | 1.2-3 | 116.00 | OK | |||
r-release-macos-x86_64 | 1.2-3 | 170.00 | OK | |||
r-release-windows-x86_64 | 1.2-3 | 46.00 | 253.00 | 299.00 | OK | |
r-oldrel-macos-arm64 | 1.2-3 | 106.00 | OK | |||
r-oldrel-macos-x86_64 | 1.2-3 | 118.00 | OK | |||
r-oldrel-windows-x86_64 | 1.2-3 | 42.00 | 220.00 | 262.00 | OK |
Version: 1.2-3
Check: Rd files
Result: NOTE
checkRd: (-1) MovingBlocks-class.Rd:11: Lost braces
11 | bootstrap described in K{\"u}nsch (1989).
| ^
checkRd: (-1) MovingBlocks-class.Rd:18: Lost braces
18 | The Moving Blocks Bootstrap method of K{\"u}nsch (1989) resamples blocks
| ^
checkRd: (-1) MovingBlocks-class.Rd:25: Lost braces
25 | K{\"u}nsch, H. R. (1989). The jackknife and the bootstrap for general stationary
| ^
checkRd: (-1) frequenciesValidator.Rd:16: Lost braces; missing escapes or markup?
16 | \item{steps}{a vector containing a subset of {1,2,3,4,5,6}, indicating
| ^
Flavors: r-devel-linux-x86_64-debian-clang, r-devel-linux-x86_64-debian-gcc