CRAN Package Check Results for Package quantspec

Last updated on 2019-06-16 20:47:13 CEST.

Flavor Version Tinstall Tcheck Ttotal Status Flags
r-devel-linux-x86_64-debian-clang 1.2-1 29.37 167.05 196.42 NOTE
r-devel-linux-x86_64-debian-gcc 1.2-1 24.30 128.78 153.08 NOTE
r-devel-linux-x86_64-fedora-clang 1.2-1 232.93 NOTE
r-devel-linux-x86_64-fedora-gcc 1.2-1 222.88 NOTE
r-devel-windows-ix86+x86_64 1.2-1 79.00 258.00 337.00 OK
r-patched-linux-x86_64 1.2-1 31.66 165.12 196.78 OK
r-patched-solaris-x86 1.2-1 335.70 OK
r-release-linux-x86_64 1.2-1 29.08 164.70 193.78 OK
r-release-windows-ix86+x86_64 1.2-1 59.00 335.00 394.00 OK
r-release-osx-x86_64 1.2-1 OK
r-oldrel-windows-ix86+x86_64 1.2-1 48.00 320.00 368.00 OK
r-oldrel-osx-x86_64 1.2-1 OK

Check Details

Version: 1.2-1
Check: for non-standard things in the check directory
Result: NOTE
    Found the following files/directories:
     'QAR1.pdf' 'QAR1.rdata'
Flavors: r-devel-linux-x86_64-debian-clang, r-devel-linux-x86_64-debian-gcc, r-devel-linux-x86_64-fedora-clang, r-devel-linux-x86_64-fedora-gcc

Version: 1.2-1
Check: compiled code
Result: NOTE
    File ‘quantspec/libs/quantspec.so’:
     Found no calls to: ‘R_registerRoutines’, ‘R_useDynamicSymbols’
    
    It is good practice to register native routines and to disable symbol
    search.
    
    See ‘Writing portable packages’ in the ‘Writing R Extensions’ manual.
Flavors: r-devel-linux-x86_64-fedora-clang, r-devel-linux-x86_64-fedora-gcc