Last updated on 2023-12-03 04:56:17 CET.
Flavor | Version | Tinstall | Tcheck | Ttotal | Status | Flags |
---|---|---|---|---|---|---|
r-devel-linux-x86_64-debian-clang | 0.1.0 | 3.79 | 46.35 | 50.14 | NOTE | |
r-devel-linux-x86_64-debian-gcc | 0.1.0 | 2.78 | 35.95 | 38.73 | NOTE | |
r-devel-linux-x86_64-fedora-clang | 0.1.0 | 64.30 | NOTE | |||
r-devel-linux-x86_64-fedora-gcc | 0.1.0 | 54.01 | NOTE | |||
r-devel-windows-x86_64 | 0.1.0 | 6.00 | 70.00 | 76.00 | OK | |
r-patched-linux-x86_64 | 0.1.0 | 14.20 | 46.20 | 60.40 | OK | |
r-release-linux-x86_64 | 0.1.0 | 3.21 | 44.55 | 47.76 | OK | |
r-release-macos-arm64 | 0.1.0 | 24.00 | OK | |||
r-release-macos-x86_64 | 0.1.0 | 31.00 | OK | |||
r-release-windows-x86_64 | 0.1.0 | 7.00 | 77.00 | 84.00 | OK | |
r-oldrel-macos-arm64 | 0.1.0 | 24.00 | NOTE | |||
r-oldrel-macos-x86_64 | 0.1.0 | 44.00 | NOTE | |||
r-oldrel-windows-x86_64 | 0.1.0 | 7.00 | 67.00 | 74.00 | OK |
Version: 0.1.0
Check: Rd files
Result: NOTE
checkRd: (-1) agg.Rd:59: Lost braces
59 | \item{If \code{rep} = FALSE and code{rtn.grp} = FALSE:}{then the return
| ^
checkRd: (-1) agg_dfm.Rd:65: Lost braces
65 | \item{If \code{rep} = FALSE and code{rtn.grp} = TRUE:}{then the return
| ^
checkRd: (-1) agg_dfm.Rd:71: Lost braces
71 | \item{If \code{rep} = FALSE and code{rtn.grp} = FALSE:}{then the return
| ^
Flavors: r-devel-linux-x86_64-debian-clang, r-devel-linux-x86_64-debian-gcc
Version: 0.1.0
Check: dependencies in R code
Result: NOTE
Namespaces in Imports field not imported from:
‘psych’ ‘psychTools’
All declared Imports should be used.
Flavors: r-devel-linux-x86_64-fedora-clang, r-devel-linux-x86_64-fedora-gcc, r-oldrel-macos-arm64, r-oldrel-macos-x86_64
Version: 0.1.0
Check: Rd cross-references
Result: NOTE
Undeclared package ‘reshape’ in Rd xrefs
Flavor: r-devel-linux-x86_64-fedora-clang