CRAN Package Check Results for Package quickPlot

Last updated on 2018-12-14 22:58:21 CET.

Flavor Version Tinstall Tcheck Ttotal Status Flags
r-devel-linux-x86_64-debian-clang 0.1.6 14.89 142.21 157.10 NOTE
r-devel-linux-x86_64-debian-gcc 0.1.6 12.20 117.58 129.78 NOTE
r-devel-linux-x86_64-fedora-clang 0.1.6 184.34 NOTE
r-devel-linux-x86_64-fedora-gcc 0.1.6 174.44 NOTE
r-devel-windows-ix86+x86_64 0.1.6 28.00 208.00 236.00 NOTE
r-patched-linux-x86_64 0.1.6 13.47 133.28 146.75 NOTE
r-patched-solaris-x86 0.1.6 285.70 NOTE
r-release-linux-x86_64 0.1.6 11.48 133.38 144.86 NOTE
r-release-windows-ix86+x86_64 0.1.6 29.00 185.00 214.00 NOTE
r-release-osx-x86_64 0.1.6 NOTE
r-oldrel-windows-ix86+x86_64 0.1.6 22.00 151.00 173.00 NOTE
r-oldrel-osx-x86_64 0.1.6 NOTE

Check Details

Version: 0.1.6
Check: package dependencies
Result: NOTE
    Package suggested but not available for checking: ‘fastshp’
Flavors: r-devel-linux-x86_64-debian-clang, r-devel-linux-x86_64-debian-gcc, r-devel-linux-x86_64-fedora-clang, r-devel-linux-x86_64-fedora-gcc, r-devel-windows-ix86+x86_64, r-patched-linux-x86_64, r-patched-solaris-x86, r-release-linux-x86_64, r-release-windows-ix86+x86_64, r-release-osx-x86_64, r-oldrel-windows-ix86+x86_64, r-oldrel-osx-x86_64