CRAN Package Check Results for Package quickPlot

Last updated on 2018-08-22 01:46:31 CEST.

Flavor Version Tinstall Tcheck Ttotal Status Flags
r-devel-linux-x86_64-debian-clang 0.1.4 12.21 159.30 171.51 NOTE
r-devel-linux-x86_64-debian-gcc 0.1.4 12.90 134.91 147.81 NOTE
r-devel-linux-x86_64-fedora-clang 0.1.4 206.17 NOTE
r-devel-linux-x86_64-fedora-gcc 0.1.4 202.84 NOTE
r-devel-windows-ix86+x86_64 0.1.4 22.00 154.00 176.00 NOTE
r-patched-linux-x86_64 0.1.4 11.82 138.77 150.59 NOTE
r-patched-solaris-x86 0.1.4 291.70 NOTE
r-release-linux-x86_64 0.1.4 15.46 138.30 153.76 NOTE
r-release-windows-ix86+x86_64 0.1.4 27.00 194.00 221.00 NOTE
r-release-osx-x86_64 0.1.4 NOTE
r-oldrel-windows-ix86+x86_64 0.1.4 21.00 205.00 226.00 NOTE
r-oldrel-osx-x86_64 0.1.4 NOTE

Check Details

Version: 0.1.4
Check: package dependencies
Result: NOTE
    Package suggested but not available for checking: ‘fastshp’
Flavors: r-devel-linux-x86_64-debian-clang, r-devel-linux-x86_64-debian-gcc, r-devel-linux-x86_64-fedora-clang, r-devel-linux-x86_64-fedora-gcc, r-devel-windows-ix86+x86_64, r-patched-linux-x86_64, r-patched-solaris-x86, r-release-linux-x86_64, r-release-windows-ix86+x86_64, r-release-osx-x86_64, r-oldrel-windows-ix86+x86_64, r-oldrel-osx-x86_64