CRAN Package Check Results for Package quickPlot

Last updated on 2018-10-21 01:47:11 CEST.

Flavor Version Tinstall Tcheck Ttotal Status Flags
r-devel-linux-x86_64-debian-clang 0.1.5 14.39 155.61 170.00 NOTE
r-devel-linux-x86_64-debian-gcc 0.1.5 13.02 128.52 141.54 NOTE
r-devel-linux-x86_64-fedora-clang 0.1.5 207.78 NOTE
r-devel-linux-x86_64-fedora-gcc 0.1.5 195.66 NOTE
r-devel-windows-ix86+x86_64 0.1.5 33.00 198.00 231.00 NOTE
r-patched-linux-x86_64 0.1.5 11.24 132.60 143.84 NOTE
r-patched-solaris-x86 0.1.5 267.20 NOTE
r-release-linux-x86_64 0.1.5 12.25 132.03 144.28 NOTE
r-release-windows-ix86+x86_64 0.1.5 30.00 156.00 186.00 NOTE
r-release-osx-x86_64 0.1.5 NOTE
r-oldrel-windows-ix86+x86_64 0.1.5 20.00 181.00 201.00 NOTE
r-oldrel-osx-x86_64 0.1.5 NOTE

Check Details

Version: 0.1.5
Check: package dependencies
Result: NOTE
    Package suggested but not available for checking: ‘fastshp’
Flavors: r-devel-linux-x86_64-debian-clang, r-devel-linux-x86_64-debian-gcc, r-devel-linux-x86_64-fedora-clang, r-devel-linux-x86_64-fedora-gcc, r-devel-windows-ix86+x86_64, r-patched-linux-x86_64, r-patched-solaris-x86, r-release-linux-x86_64, r-release-windows-ix86+x86_64, r-release-osx-x86_64, r-oldrel-windows-ix86+x86_64, r-oldrel-osx-x86_64