CRAN Package Check Results for Package quickPlot

Last updated on 2022-10-01 13:51:40 CEST.

Flavor Version Tinstall Tcheck Ttotal Status Flags
r-devel-linux-x86_64-debian-clang 0.1.8 42.95 380.02 422.97 NOTE
r-devel-linux-x86_64-debian-gcc 0.1.8 32.85 274.36 307.21 NOTE
r-devel-linux-x86_64-fedora-clang 0.1.8 513.53 NOTE
r-devel-linux-x86_64-fedora-gcc 0.1.8 523.68 NOTE
r-devel-windows-x86_64 0.1.8 114.00 366.00 480.00 NOTE
r-patched-linux-x86_64 0.1.8 50.51 358.96 409.47 NOTE
r-release-linux-x86_64 0.1.8 41.95 356.12 398.07 NOTE
r-release-macos-arm64 0.1.8 120.00 NOTE
r-release-macos-x86_64 0.1.8 162.00 NOTE
r-release-windows-x86_64 0.1.8 96.00 359.00 455.00 NOTE
r-oldrel-macos-arm64 0.1.8 104.00 NOTE
r-oldrel-macos-x86_64 0.1.8 159.00 NOTE
r-oldrel-windows-ix86+x86_64 0.1.8 90.00 370.00 460.00 NOTE

Check Details

Version: 0.1.8
Check: package dependencies
Result: NOTE
    Packages suggested but not available for checking: 'fastshp', 'visualTest'
Flavors: r-devel-linux-x86_64-debian-clang, r-devel-linux-x86_64-debian-gcc, r-devel-linux-x86_64-fedora-clang, r-devel-linux-x86_64-fedora-gcc, r-devel-windows-x86_64, r-patched-linux-x86_64, r-release-linux-x86_64, r-release-macos-arm64, r-release-macos-x86_64, r-release-windows-x86_64, r-oldrel-macos-arm64, r-oldrel-macos-x86_64, r-oldrel-windows-ix86+x86_64