Last updated on 2023-03-27 02:52:23 CEST.
Flavor | Version | Tinstall | Tcheck | Ttotal | Status | Flags |
---|---|---|---|---|---|---|
r-devel-linux-x86_64-debian-clang | 0.1.8 | 46.39 | 400.18 | 446.57 | NOTE | |
r-devel-linux-x86_64-debian-gcc | 0.1.8 | 34.63 | 292.97 | 327.60 | NOTE | |
r-devel-linux-x86_64-fedora-clang | 0.1.8 | 541.45 | NOTE | |||
r-devel-linux-x86_64-fedora-gcc | 0.1.8 | 521.99 | NOTE | |||
r-patched-linux-x86_64 | 0.1.8 | 48.11 | 378.26 | 426.37 | NOTE | |
r-release-linux-x86_64 | 0.1.8 | 43.15 | 358.10 | 401.25 | NOTE | |
r-release-macos-arm64 | 0.1.8 | 120.00 | NOTE | |||
r-release-macos-x86_64 | 0.1.8 | 162.00 | NOTE | |||
r-release-windows-x86_64 | 0.1.8 | 90.00 | 378.00 | 468.00 | NOTE | |
r-oldrel-macos-arm64 | 0.1.8 | 104.00 | NOTE | |||
r-oldrel-macos-x86_64 | 0.1.8 | 159.00 | NOTE | |||
r-oldrel-windows-ix86+x86_64 | 0.1.8 | 89.00 | 356.00 | 445.00 | NOTE |
Version: 0.1.8
Check: package dependencies
Result: NOTE
Packages suggested but not available for checking: 'fastshp', 'visualTest'
Flavors: r-devel-linux-x86_64-debian-clang, r-devel-linux-x86_64-debian-gcc, r-devel-linux-x86_64-fedora-clang, r-devel-linux-x86_64-fedora-gcc, r-patched-linux-x86_64, r-release-linux-x86_64, r-release-macos-arm64, r-release-macos-x86_64, r-release-windows-x86_64, r-oldrel-macos-arm64, r-oldrel-macos-x86_64, r-oldrel-windows-ix86+x86_64