CRAN Package Check Results for Package quickPlot

Last updated on 2018-01-16 10:48:26 CET.

Flavor Version Tinstall Tcheck Ttotal Status Flags
r-devel-linux-x86_64-debian-clang 0.1.2 12.54 144.47 157.01 NOTE
r-devel-linux-x86_64-debian-gcc 0.1.2 9.95 119.20 129.15 NOTE
r-devel-linux-x86_64-fedora-clang 0.1.2 189.83 NOTE
r-devel-linux-x86_64-fedora-gcc 0.1.2 183.69 NOTE
r-devel-windows-ix86+x86_64 0.1.2 20.00 216.00 236.00 NOTE
r-patched-linux-x86_64 0.1.2 11.01 155.43 166.44 NOTE
r-patched-solaris-x86 0.1.2 271.80 NOTE
r-release-linux-x86_64 0.1.2 11.39 152.72 164.11 NOTE
r-release-windows-ix86+x86_64 0.1.2 25.00 150.00 175.00 NOTE
r-release-osx-x86_64 0.1.2 NOTE
r-oldrel-windows-ix86+x86_64 0.1.2 23.00 128.00 151.00 NOTE
r-oldrel-osx-x86_64 0.1.2 ERROR

Check Details

Version: 0.1.2
Check: package dependencies
Result: NOTE
    Package suggested but not available for checking: ‘fastshp’
Flavors: r-devel-linux-x86_64-debian-clang, r-devel-linux-x86_64-debian-gcc, r-devel-linux-x86_64-fedora-clang, r-devel-linux-x86_64-fedora-gcc, r-devel-windows-ix86+x86_64, r-patched-linux-x86_64, r-patched-solaris-x86, r-release-linux-x86_64, r-release-windows-ix86+x86_64, r-release-osx-x86_64, r-oldrel-windows-ix86+x86_64, r-oldrel-osx-x86_64

Version: 0.1.2
Check: DESCRIPTION meta-information
Result: NOTE
    Dependence on R version ‘3.3.3’ not with patchlevel 0
Flavors: r-devel-linux-x86_64-debian-clang, r-devel-linux-x86_64-debian-gcc, r-devel-linux-x86_64-fedora-clang, r-devel-linux-x86_64-fedora-gcc

Version: 0.1.2
Check: dependencies in R code
Result: NOTE
    Namespace in Imports field not imported from: ‘rgdal’
     All declared Imports should be used.
Flavors: r-devel-linux-x86_64-fedora-clang, r-devel-linux-x86_64-fedora-gcc, r-patched-solaris-x86, r-release-osx-x86_64

Version: 0.1.2
Check: whether package can be installed
Result: ERROR
    Installation failed.
Flavor: r-oldrel-osx-x86_64