CRAN Package Check Results for Package quickPlot

Last updated on 2018-06-25 03:49:17 CEST.

Flavor Version Tinstall Tcheck Ttotal Status Flags
r-devel-linux-x86_64-debian-clang 0.1.3 12.39 136.67 149.06 WARN
r-devel-linux-x86_64-debian-gcc 0.1.3 11.22 122.46 133.68 WARN
r-devel-linux-x86_64-fedora-clang 0.1.3 190.58 WARN
r-devel-linux-x86_64-fedora-gcc 0.1.3 185.71 WARN
r-devel-windows-ix86+x86_64 0.1.3 28.00 165.00 193.00 WARN
r-patched-linux-x86_64 0.1.3 10.19 134.87 145.06 NOTE
r-patched-solaris-x86 0.1.3 260.90 NOTE
r-release-linux-x86_64 0.1.3 10.17 132.25 142.42 NOTE
r-release-windows-ix86+x86_64 0.1.3 25.00 212.00 237.00 NOTE
r-release-osx-x86_64 0.1.3 NOTE
r-oldrel-windows-ix86+x86_64 0.1.3 28.00 206.00 234.00 NOTE
r-oldrel-osx-x86_64 0.1.3 NOTE

Check Details

Version: 0.1.3
Check: package dependencies
Result: NOTE
    Package suggested but not available for checking: ‘fastshp’
Flavors: r-devel-linux-x86_64-debian-clang, r-devel-linux-x86_64-debian-gcc, r-devel-linux-x86_64-fedora-clang, r-devel-linux-x86_64-fedora-gcc, r-devel-windows-ix86+x86_64, r-patched-linux-x86_64, r-patched-solaris-x86, r-release-linux-x86_64, r-release-windows-ix86+x86_64, r-release-osx-x86_64, r-oldrel-windows-ix86+x86_64, r-oldrel-osx-x86_64

Version: 0.1.3
Check: for unstated dependencies in ‘tests’
Result: WARN
    'library' or 'require' call not declared from: ‘reproducible’
Flavors: r-devel-linux-x86_64-debian-clang, r-devel-linux-x86_64-debian-gcc, r-devel-linux-x86_64-fedora-clang, r-devel-linux-x86_64-fedora-gcc, r-devel-windows-ix86+x86_64

Version: 0.1.3
Check: dependencies in R code
Result: NOTE
    Namespace in Imports field not imported from: ‘rgdal’
     All declared Imports should be used.
Flavors: r-devel-linux-x86_64-fedora-clang, r-devel-linux-x86_64-fedora-gcc, r-patched-solaris-x86, r-release-osx-x86_64, r-oldrel-osx-x86_64