CRAN Package Check Results for Package quickReg

Last updated on 2023-05-28 00:56:25 CEST.

Flavor Version Tinstall Tcheck Ttotal Status Flags
r-devel-linux-x86_64-debian-clang 1.5.0 6.80 87.36 94.16 OK
r-devel-linux-x86_64-debian-gcc 1.5.0 5.43 65.78 71.21 OK
r-devel-linux-x86_64-fedora-clang 1.5.0 116.71 NOTE
r-devel-linux-x86_64-fedora-gcc 1.5.0 120.58 NOTE
r-devel-windows-x86_64 1.5.0 8.00 83.00 91.00 OK
r-patched-linux-x86_64 1.5.0 5.48 82.44 87.92 OK
r-release-linux-x86_64 1.5.0 5.54 83.06 88.60 OK
r-release-macos-arm64 1.5.0 43.00 OK
r-release-macos-x86_64 1.5.0 69.00 OK
r-release-windows-x86_64 1.5.0 8.00 98.00 106.00 OK
r-oldrel-macos-arm64 1.5.0 37.00 NOTE
r-oldrel-macos-x86_64 1.5.0 71.00 NOTE
r-oldrel-windows-x86_64 1.5.0 9.00 100.00 109.00 OK

Check Details

Version: 1.5.0
Check: dependencies in R code
Result: NOTE
    Namespace in Imports field not imported from: ‘psych’
     All declared Imports should be used.
Flavors: r-devel-linux-x86_64-fedora-clang, r-devel-linux-x86_64-fedora-gcc, r-oldrel-macos-arm64, r-oldrel-macos-x86_64

Version: 1.5.0
Check: Rd cross-references
Result: NOTE
    Undeclared package ‘PredictABEL’ in Rd xrefs
Flavor: r-devel-linux-x86_64-fedora-clang