CRAN Package Check Results for Package quickerstats

Last updated on 2022-11-27 09:53:36 CET.

Flavor Version Tinstall Tcheck Ttotal Status Flags
r-devel-linux-x86_64-debian-clang 0.0.1 2.48 27.81 30.29 NOTE
r-devel-linux-x86_64-debian-gcc 0.0.1 1.71 22.26 23.97 NOTE
r-devel-linux-x86_64-fedora-clang 0.0.1 49.31 NOTE
r-devel-linux-x86_64-fedora-gcc 0.0.1 47.47 NOTE
r-devel-windows-x86_64 0.0.1 8.00 63.00 71.00 NOTE
r-patched-linux-x86_64 0.0.1 1.96 26.77 28.73 NOTE
r-release-linux-x86_64 0.0.1 2.39 27.06 29.45 NOTE
r-release-macos-arm64 0.0.1 26.00 NOTE
r-release-macos-x86_64 0.0.1 37.00 NOTE
r-release-windows-x86_64 0.0.1 13.00 60.00 73.00 NOTE
r-oldrel-macos-arm64 0.0.1 664.00 NOTE
r-oldrel-macos-x86_64 0.0.1 37.00 NOTE
r-oldrel-windows-ix86+x86_64 0.0.1 7.00 57.00 64.00 NOTE

Additional issues

donttest

Check Details

Version: 0.0.1
Check: LazyData
Result: NOTE
     'LazyData' is specified without a 'data' directory
Flavors: r-devel-linux-x86_64-debian-clang, r-devel-linux-x86_64-debian-gcc, r-devel-linux-x86_64-fedora-clang, r-devel-linux-x86_64-fedora-gcc, r-devel-windows-x86_64, r-patched-linux-x86_64, r-release-linux-x86_64, r-release-macos-arm64, r-release-macos-x86_64, r-release-windows-x86_64, r-oldrel-macos-arm64, r-oldrel-macos-x86_64, r-oldrel-windows-ix86+x86_64

Version: 0.0.1
Check: dependencies in R code
Result: NOTE
    Namespace in Imports field not imported from: ‘readr’
     All declared Imports should be used.
Flavors: r-devel-linux-x86_64-fedora-clang, r-devel-linux-x86_64-fedora-gcc, r-release-macos-arm64, r-release-macos-x86_64, r-oldrel-macos-arm64, r-oldrel-macos-x86_64