CRAN Package Check Results for Package quiddich

Last updated on 2021-11-29 21:51:49 CET.

Flavor Version Tinstall Tcheck Ttotal Status Flags
r-devel-linux-x86_64-debian-clang 1.0.0 3.25 41.02 44.27 NOTE
r-devel-linux-x86_64-debian-gcc 1.0.0 2.34 31.36 33.70 NOTE
r-devel-linux-x86_64-fedora-clang 1.0.0 63.05 NOTE
r-devel-linux-x86_64-fedora-gcc 1.0.0 53.07 NOTE
r-devel-windows-x86_64-new-UL 1.0.0 8.00 81.00 89.00 NOTE
r-devel-windows-x86_64-new-TK 1.0.0 NOTE
r-devel-windows-x86_64-old 1.0.0 6.00 49.00 55.00 NOTE
r-patched-linux-x86_64 1.0.0 3.30 39.21 42.51 NOTE
r-patched-solaris-x86 1.0.0 79.20 NOTE
r-release-linux-x86_64 1.0.0 3.03 39.66 42.69 NOTE
r-release-macos-arm64 1.0.0 NOTE
r-release-macos-x86_64 1.0.0 NOTE
r-release-windows-ix86+x86_64 1.0.0 7.00 45.00 52.00 NOTE
r-oldrel-macos-x86_64 1.0.0 OK
r-oldrel-windows-ix86+x86_64 1.0.0 7.00 61.00 68.00 OK

Check Details

Version: 1.0.0
Check: LazyData
Result: NOTE
     'LazyData' is specified without a 'data' directory
Flavors: r-devel-linux-x86_64-debian-clang, r-devel-linux-x86_64-debian-gcc, r-devel-linux-x86_64-fedora-clang, r-devel-linux-x86_64-fedora-gcc, r-devel-windows-x86_64-new-UL, r-devel-windows-x86_64-new-TK, r-devel-windows-x86_64-old, r-patched-linux-x86_64, r-patched-solaris-x86, r-release-linux-x86_64, r-release-macos-arm64, r-release-macos-x86_64, r-release-windows-ix86+x86_64