CRAN Package Check Results for Package quietR

Last updated on 2020-04-06 01:48:11 CEST.

Flavor Version Tinstall Tcheck Ttotal Status Flags
r-devel-linux-x86_64-debian-clang 0.1.0 1.69 19.83 21.52 OK
r-devel-linux-x86_64-debian-gcc 0.1.0 0.24 1.73 1.97 ERROR
r-devel-linux-x86_64-fedora-clang 0.1.0 27.08 OK
r-devel-linux-x86_64-fedora-gcc 0.1.0 26.90 OK
r-devel-windows-ix86+x86_64 0.1.0 6.00 29.00 35.00 OK
r-devel-windows-ix86+x86_64-gcc8 0.1.0 5.00 32.00 37.00 OK
r-patched-linux-x86_64 0.1.0 1.69 19.64 21.33 OK
r-patched-solaris-x86 0.1.0 42.30 OK
r-release-linux-x86_64 0.1.0 1.25 18.38 19.63 OK
r-release-windows-ix86+x86_64 0.1.0 4.00 45.00 49.00 OK
r-release-osx-x86_64 0.1.0 OK
r-oldrel-windows-ix86+x86_64 0.1.0 4.00 34.00 38.00 OK
r-oldrel-osx-x86_64 0.1.0 OK

Check Details

Version: 0.1.0
Check: whether package can be installed
Result: ERROR
    Installation failed.
Flavor: r-devel-linux-x86_64-debian-gcc