CRAN Package Check Results for Package quiltr

Last updated on 2024-04-15 13:52:20 CEST.

Flavor Version Tinstall Tcheck Ttotal Status Flags
r-devel-linux-x86_64-debian-clang 0.1.0 2.25 28.85 31.10 OK
r-devel-linux-x86_64-debian-gcc 0.1.0 2.05 22.42 24.47 OK
r-devel-linux-x86_64-fedora-clang 0.1.0 40.30 NOTE
r-devel-linux-x86_64-fedora-gcc 0.1.0 51.50 NOTE
r-prerel-macos-arm64 0.1.0 24.00 OK
r-prerel-windows-x86_64 0.1.0 3.00 44.00 47.00 OK
r-patched-linux-x86_64 0.1.0 2.36 28.05 30.41 OK
r-release-linux-x86_64 0.1.0 2.28 26.67 28.95 OK
r-release-macos-arm64 0.1.0 24.00 OK
r-release-macos-x86_64 0.1.0 35.00 OK
r-release-windows-x86_64 0.1.0 4.00 44.00 48.00 OK
r-oldrel-macos-arm64 0.1.0 22.00 OK
r-oldrel-windows-x86_64 0.1.0 5.00 48.00 53.00 OK

Check Details

Version: 0.1.0
Check: data for non-ASCII characters
Result: NOTE Note: found 99 marked UTF-8 strings Flavors: r-devel-linux-x86_64-fedora-clang, r-devel-linux-x86_64-fedora-gcc