CRAN Package Check Results for Package quiltr

Last updated on 2022-05-21 23:51:06 CEST.

Flavor Version Tinstall Tcheck Ttotal Status Flags
r-devel-linux-x86_64-debian-clang 0.1.0 2.81 36.10 38.91 OK
r-devel-linux-x86_64-debian-gcc 0.1.0 2.09 28.02 30.11 OK
r-devel-linux-x86_64-fedora-clang 0.1.0 46.82 NOTE
r-devel-linux-x86_64-fedora-gcc 0.1.0 44.92 NOTE
r-devel-windows-x86_64 0.1.0 16.00 56.00 72.00 OK
r-patched-linux-x86_64 0.1.0 2.78 34.31 37.09 OK
r-release-linux-x86_64 0.1.0 2.67 34.11 36.78 OK
r-release-macos-arm64 0.1.0 17.00 NOTE
r-release-macos-x86_64 0.1.0 25.00 NOTE
r-release-windows-x86_64 0.1.0 20.00 57.00 77.00 OK
r-oldrel-macos-arm64 0.1.0 83.00 NOTE
r-oldrel-macos-x86_64 0.1.0 25.00 NOTE
r-oldrel-windows-ix86+x86_64 0.1.0 6.00 45.00 51.00 OK

Check Details

Version: 0.1.0
Check: data for non-ASCII characters
Result: NOTE
     Note: found 99 marked UTF-8 strings
Flavors: r-devel-linux-x86_64-fedora-clang, r-devel-linux-x86_64-fedora-gcc, r-release-macos-arm64, r-release-macos-x86_64, r-oldrel-macos-arm64, r-oldrel-macos-x86_64