CRAN Package Check Results for Package r2d2

Last updated on 2020-04-02 11:48:16 CEST.

Flavor Version Tinstall Tcheck Ttotal Status Flags
r-devel-linux-x86_64-debian-clang 1.0-0 3.25 33.15 36.40 NOTE
r-devel-linux-x86_64-debian-gcc 1.0-0 2.37 26.63 29.00 NOTE
r-devel-linux-x86_64-fedora-clang 1.0-0 44.17 NOTE
r-devel-linux-x86_64-fedora-gcc 1.0-0 43.10 NOTE
r-devel-windows-ix86+x86_64 1.0-0 8.00 42.00 50.00 NOTE
r-devel-windows-ix86+x86_64-gcc8 1.0-0 9.00 47.00 56.00 NOTE
r-patched-linux-x86_64 1.0-0 2.74 31.92 34.66 NOTE
r-patched-solaris-x86 1.0-0 70.50 NOTE
r-release-linux-x86_64 1.0-0 2.62 29.92 32.54 NOTE
r-release-windows-ix86+x86_64 1.0-0 8.00 52.00 60.00 NOTE
r-release-osx-x86_64 1.0-0 NOTE
r-oldrel-windows-ix86+x86_64 1.0-0 8.00 46.00 54.00 NOTE
r-oldrel-osx-x86_64 1.0-0 NOTE

Check Details

Version: 1.0-0
Check: R code for possible problems
Result: NOTE
    conf2d.default: no visible global function definition for 'polygon'
    conf2d_int: no visible global function definition for 'contourLines'
    Undefined global functions or variables:
     contourLines polygon
    Consider adding
     importFrom("grDevices", "contourLines")
     importFrom("graphics", "polygon")
    to your NAMESPACE file.
Flavors: r-devel-linux-x86_64-debian-clang, r-devel-linux-x86_64-debian-gcc, r-devel-linux-x86_64-fedora-clang, r-devel-linux-x86_64-fedora-gcc, r-devel-windows-ix86+x86_64, r-devel-windows-ix86+x86_64-gcc8, r-patched-linux-x86_64, r-patched-solaris-x86, r-release-linux-x86_64, r-release-windows-ix86+x86_64, r-release-osx-x86_64, r-oldrel-windows-ix86+x86_64, r-oldrel-osx-x86_64