CRAN Package Check Results for Package r2d2

Last updated on 2021-12-08 13:01:38 CET.

Flavor Version Tinstall Tcheck Ttotal Status Flags
r-devel-linux-x86_64-debian-clang 1.0-0 3.12 46.03 49.15 NOTE
r-devel-linux-x86_64-debian-gcc 1.0-0 2.47 36.25 38.72 NOTE
r-devel-linux-x86_64-fedora-clang 1.0-0 61.03 NOTE
r-devel-linux-x86_64-fedora-gcc 1.0-0 50.45 NOTE
r-devel-windows-x86_64-new-UL 1.0-0 8.00 77.00 85.00 NOTE
r-devel-windows-x86_64-new-TK 1.0-0 NOTE
r-devel-windows-x86_64-old 1.0-0 6.00 46.00 52.00 NOTE
r-patched-linux-x86_64 1.0-0 3.03 42.59 45.62 NOTE
r-release-linux-x86_64 1.0-0 3.15 42.05 45.20 NOTE
r-release-macos-arm64 1.0-0 NOTE
r-release-macos-x86_64 1.0-0 NOTE
r-release-windows-ix86+x86_64 1.0-0 5.00 57.00 62.00 NOTE
r-oldrel-macos-x86_64 1.0-0 NOTE
r-oldrel-windows-ix86+x86_64 1.0-0 7.00 58.00 65.00 NOTE

Check Details

Version: 1.0-0
Check: R code for possible problems
Result: NOTE
    conf2d.default: no visible global function definition for 'polygon'
    conf2d_int: no visible global function definition for 'contourLines'
    Undefined global functions or variables:
     contourLines polygon
    Consider adding
     importFrom("grDevices", "contourLines")
     importFrom("graphics", "polygon")
    to your NAMESPACE file.
Flavors: r-devel-linux-x86_64-debian-clang, r-devel-linux-x86_64-debian-gcc, r-devel-linux-x86_64-fedora-clang, r-devel-linux-x86_64-fedora-gcc, r-devel-windows-x86_64-new-UL, r-devel-windows-x86_64-new-TK, r-devel-windows-x86_64-old, r-patched-linux-x86_64, r-release-linux-x86_64, r-release-macos-arm64, r-release-macos-x86_64, r-release-windows-ix86+x86_64, r-oldrel-macos-x86_64, r-oldrel-windows-ix86+x86_64

Version: 1.0-0
Check: Rd cross-references
Result: NOTE
    Undeclared package ‘gplots’ in Rd xrefs
Flavor: r-devel-linux-x86_64-fedora-clang