Last updated on 2023-11-29 15:50:27 CET.
Flavor | Version | Tinstall | Tcheck | Ttotal | Status | Flags |
---|---|---|---|---|---|---|
r-devel-linux-x86_64-debian-clang | 0.4.1 | 2.76 | 35.68 | 38.44 | OK | |
r-devel-linux-x86_64-debian-gcc | 0.4.1 | 2.88 | 27.43 | 30.31 | OK | |
r-devel-linux-x86_64-fedora-clang | 0.4.1 | 49.88 | NOTE | |||
r-devel-linux-x86_64-fedora-gcc | 0.4.1 | 46.66 | NOTE | |||
r-devel-windows-x86_64 | 0.4.1 | 5.00 | 55.00 | 60.00 | OK | |
r-patched-linux-x86_64 | 0.4.1 | 4.70 | 34.86 | 39.56 | OK | |
r-release-linux-x86_64 | 0.4.1 | 3.88 | 34.41 | 38.29 | OK | |
r-release-macos-arm64 | 0.4.1 | 20.00 | OK | |||
r-release-macos-x86_64 | 0.4.1 | 41.00 | OK | |||
r-release-windows-x86_64 | 0.4.1 | 6.00 | 55.00 | 61.00 | OK | |
r-oldrel-macos-arm64 | 0.4.1 | 21.00 | OK | |||
r-oldrel-macos-x86_64 | 0.4.0 | 33.00 | OK | |||
r-oldrel-windows-x86_64 | 0.4.1 | 6.00 | 58.00 | 64.00 | OK |
Version: 0.4.1
Check: data for non-ASCII characters
Result: NOTE
Note: found 5 marked UTF-8 strings
Flavors: r-devel-linux-x86_64-fedora-clang, r-devel-linux-x86_64-fedora-gcc