CRAN Package Check Results for Package r2dii.data

Last updated on 2020-11-30 11:47:37 CET.

Flavor Version Tinstall Tcheck Ttotal Status Flags
r-devel-linux-x86_64-debian-clang 0.1.4 2.93 29.01 31.94 OK
r-devel-linux-x86_64-debian-gcc 0.1.4 2.20 22.89 25.09 OK
r-devel-linux-x86_64-fedora-clang 0.1.4 41.92 NOTE
r-devel-linux-x86_64-fedora-gcc 0.1.4 31.92 NOTE
r-devel-windows-ix86+x86_64 0.1.4 6.00 40.00 46.00 OK
r-patched-linux-x86_64 0.1.4 3.17 30.42 33.59 OK
r-patched-solaris-x86 0.1.4 53.30 NOTE
r-release-linux-x86_64 0.1.4 3.20 30.13 33.33 OK
r-release-macos-x86_64 0.1.4 NOTE
r-release-windows-ix86+x86_64 0.1.4 6.00 33.00 39.00 OK
r-oldrel-macos-x86_64 0.1.4 NOTE
r-oldrel-windows-ix86+x86_64 0.1.4 5.00 40.00 45.00 OK

Check Details

Version: 0.1.4
Check: data for non-ASCII characters
Result: NOTE
     Note: found 32 marked UTF-8 strings
Flavors: r-devel-linux-x86_64-fedora-clang, r-devel-linux-x86_64-fedora-gcc, r-patched-solaris-x86, r-release-macos-x86_64, r-oldrel-macos-x86_64