CRAN Package Check Results for Package r2spss

Last updated on 2022-01-26 07:52:55 CET.

Flavor Version Tinstall Tcheck Ttotal Status Flags
r-devel-linux-x86_64-debian-clang 0.2.0 4.04 56.40 60.44 OK
r-devel-linux-x86_64-debian-gcc 0.2.0 4.09 44.98 49.07 OK
r-devel-linux-x86_64-fedora-clang 0.2.0 79.33 NOTE
r-devel-linux-x86_64-fedora-gcc 0.2.0 66.94 NOTE
r-devel-windows-x86_64-new-UL 0.2.0 27.00 95.00 122.00 OK
r-devel-windows-x86_64-new-TK 0.2.0 ERROR
r-patched-linux-x86_64 0.2.0 4.75 55.96 60.71 OK
r-release-linux-x86_64 0.2.0 3.93 55.33 59.26 OK
r-release-macos-arm64 0.2.0 NOTE
r-release-macos-x86_64 0.2.0 NOTE
r-release-windows-ix86+x86_64 0.2.0 10.00 68.00 78.00 OK
r-oldrel-macos-x86_64 0.2.0 NOTE
r-oldrel-windows-ix86+x86_64 0.2.0 10.00 77.00 87.00 OK

Check Details

Version: 0.2.0
Check: data for non-ASCII characters
Result: NOTE
     Note: found 32 marked UTF-8 strings
Flavors: r-devel-linux-x86_64-fedora-clang, r-devel-linux-x86_64-fedora-gcc, r-release-macos-arm64, r-release-macos-x86_64, r-oldrel-macos-x86_64

Version: 0.2.0
Check: package dependencies
Result: ERROR
    Package required but not available: 'car'
    
    See section 'The DESCRIPTION file' in the 'Writing R Extensions'
    manual.
Flavor: r-devel-windows-x86_64-new-TK