Last updated on 2022-07-03 21:53:10 CEST.
Flavor | Version | Tinstall | Tcheck | Ttotal | Status | Flags |
---|---|---|---|---|---|---|
r-devel-linux-x86_64-debian-clang | 5.0.0-10 | 69.05 | 175.69 | 244.74 | OK | |
r-devel-linux-x86_64-debian-gcc | 5.0.0-10 | 60.27 | 128.78 | 189.05 | OK | |
r-devel-linux-x86_64-fedora-clang | 5.0.0-10 | 344.49 | NOTE | |||
r-devel-linux-x86_64-fedora-gcc | 5.0.0-10 | 310.51 | OK | |||
r-devel-windows-x86_64 | 5.0.0-10 | 126.00 | 227.00 | 353.00 | OK | |
r-patched-linux-x86_64 | 5.0.0-10 | 57.97 | 164.37 | 222.34 | OK | |
r-release-linux-x86_64 | 5.0.0-10 | 56.11 | 161.01 | 217.12 | OK | |
r-release-macos-arm64 | 5.0.0-10 | 75.00 | NOTE | |||
r-release-macos-x86_64 | 5.0.0-10 | 95.00 | NOTE | |||
r-release-windows-x86_64 | 5.0.0-10 | 133.00 | 230.00 | 363.00 | OK | |
r-oldrel-macos-arm64 | 5.0.0-10 | 86.00 | NOTE | |||
r-oldrel-macos-x86_64 | 5.0.0-10 | 126.00 | NOTE | |||
r-oldrel-windows-ix86+x86_64 | 5.0.0-10 | 181.00 | 389.00 | 570.00 | OK |
Version: 5.0.0-10
Check: installed package size
Result: NOTE
installed size is 5.3Mb
sub-directories of 1Mb or more:
libs 3.2Mb
Flavors: r-devel-linux-x86_64-fedora-clang, r-release-macos-arm64, r-release-macos-x86_64, r-oldrel-macos-arm64, r-oldrel-macos-x86_64