Last updated on 2023-12-04 23:59:39 CET.
Flavor | Version | Tinstall | Tcheck | Ttotal | Status | Flags |
---|---|---|---|---|---|---|
r-devel-linux-x86_64-debian-clang | 0.1.4 | 2.53 | 41.05 | 43.58 | OK | |
r-devel-linux-x86_64-debian-gcc | 0.1.4 | 2.22 | 31.25 | 33.47 | OK | |
r-devel-linux-x86_64-fedora-clang | 0.1.4 | 53.87 | NOTE | |||
r-devel-linux-x86_64-fedora-gcc | 0.1.4 | 52.46 | OK | |||
r-devel-windows-x86_64 | 0.1.4 | 5.00 | 56.00 | 61.00 | OK | |
r-patched-linux-x86_64 | 0.1.4 | 2.37 | 40.18 | 42.55 | OK | |
r-release-linux-x86_64 | 0.1.4 | 1.96 | 39.96 | 41.92 | OK | |
r-release-macos-arm64 | 0.1.4 | 23.00 | OK | |||
r-release-macos-x86_64 | 0.1.4 | 51.00 | OK | |||
r-release-windows-x86_64 | 0.1.4 | 5.00 | 58.00 | 63.00 | OK | |
r-oldrel-macos-arm64 | 0.1.4 | 25.00 | OK | |||
r-oldrel-macos-x86_64 | 0.1.4 | 33.00 | OK | |||
r-oldrel-windows-x86_64 | 0.1.4 | 5.00 | 57.00 | 62.00 | OK |
Version: 0.1.4
Check: installed package size
Result: NOTE
installed size is 5.0Mb
sub-directories of 1Mb or more:
tutorials 4.9Mb
Flavor: r-devel-linux-x86_64-fedora-clang