CRAN Package Check Results for Package r6methods

Last updated on 2024-05-21 20:51:33 CEST.

Flavor Version Tinstall Tcheck Ttotal Status Flags
r-devel-linux-x86_64-debian-clang 0.1.0 5.71 55.35 61.06 NOTE
r-devel-linux-x86_64-debian-gcc 0.1.0 5.21 41.36 46.57 NOTE
r-devel-linux-x86_64-fedora-clang 0.1.0 82.65 NOTE
r-devel-linux-x86_64-fedora-gcc 0.1.0 70.86 NOTE
r-devel-windows-x86_64 0.1.0 8.00 61.00 69.00 NOTE
r-patched-linux-x86_64 0.1.0 4.63 51.24 55.87 NOTE
r-release-linux-x86_64 0.1.0 5.15 50.98 56.13 NOTE
r-release-macos-arm64 0.1.0 27.00 NOTE
r-release-windows-x86_64 0.1.0 8.00 60.00 68.00 NOTE
r-oldrel-macos-arm64 0.1.0 27.00 NOTE
r-oldrel-macos-x86_64 0.1.0 41.00 NOTE
r-oldrel-windows-x86_64 0.1.0 8.00 68.00 76.00 NOTE

Check Details

Version: 0.1.0
Check: Rd files
Result: NOTE checkRd: (-1) extract_class.Rd:18: Lost braces in \itemize; \value handles \item{}{} directly checkRd: (-1) extract_class.Rd:19: Lost braces in \itemize; \value handles \item{}{} directly checkRd: (-1) extract_class.Rd:20: Lost braces in \itemize; \value handles \item{}{} directly Flavors: r-devel-linux-x86_64-debian-clang, r-devel-linux-x86_64-debian-gcc, r-devel-linux-x86_64-fedora-clang, r-devel-linux-x86_64-fedora-gcc, r-devel-windows-x86_64, r-patched-linux-x86_64, r-release-linux-x86_64, r-release-macos-arm64, r-release-windows-x86_64

Version: 0.1.0
Check: LazyData
Result: NOTE 'LazyData' is specified without a 'data' directory Flavors: r-devel-linux-x86_64-debian-clang, r-devel-linux-x86_64-debian-gcc, r-devel-linux-x86_64-fedora-clang, r-devel-linux-x86_64-fedora-gcc, r-devel-windows-x86_64, r-patched-linux-x86_64, r-release-linux-x86_64, r-release-macos-arm64, r-release-windows-x86_64, r-oldrel-macos-arm64, r-oldrel-macos-x86_64, r-oldrel-windows-x86_64