CRAN Package Check Results for Package rADA

Last updated on 2021-09-27 02:48:33 CEST.

Flavor Version Tinstall Tcheck Ttotal Status Flags
r-devel-linux-x86_64-debian-clang 1.1.9 3.89 49.39 53.28 OK
r-devel-linux-x86_64-debian-gcc 1.1.9 3.42 37.20 40.62 OK
r-devel-linux-x86_64-fedora-clang 1.1.9 71.24 NOTE
r-devel-linux-x86_64-fedora-gcc 1.1.9 60.29 NOTE
r-devel-windows-x86_64 1.1.9 7.00 59.00 66.00 NOTE
r-devel-windows-x86_64-gcc10-UCRT 1.1.9 NOTE
r-patched-linux-x86_64 1.1.9 4.15 47.49 51.64 OK
r-patched-solaris-x86 1.1.9 97.50 NOTE
r-release-linux-x86_64 1.1.9 4.70 47.52 52.22 OK
r-release-macos-arm64 1.1.9 NOTE
r-release-macos-x86_64 1.1.9 NOTE
r-release-windows-ix86+x86_64 1.1.9 11.00 55.00 66.00 NOTE
r-oldrel-macos-x86_64 1.1.9 NOTE
r-oldrel-windows-ix86+x86_64 1.1.9 7.00 58.00 65.00 NOTE

Check Details

Version: 1.1.9
Check: installed package size
Result: NOTE
     installed size is 5.7Mb
     sub-directories of 1Mb or more:
     doc 5.5Mb
Flavors: r-devel-linux-x86_64-fedora-clang, r-devel-windows-x86_64, r-patched-solaris-x86, r-release-macos-arm64, r-release-macos-x86_64, r-release-windows-ix86+x86_64, r-oldrel-macos-x86_64, r-oldrel-windows-ix86+x86_64

Version: 1.1.9
Check: dependencies in R code
Result: NOTE
    Namespaces in Imports field not imported from:
     ‘Hmisc’ ‘car’ ‘dplyr’ ‘grid’ ‘gridExtra’ ‘knitr’ ‘lmerTest’ ‘tidyr’
     All declared Imports should be used.
Flavors: r-devel-linux-x86_64-fedora-clang, r-devel-linux-x86_64-fedora-gcc, r-devel-windows-x86_64-gcc10-UCRT, r-patched-solaris-x86, r-release-macos-arm64, r-release-macos-x86_64, r-oldrel-macos-x86_64