CRAN Package Check Results for Package rADA

Last updated on 2021-05-18 03:48:57 CEST.

Flavor Version Tinstall Tcheck Ttotal Status Flags
r-devel-linux-x86_64-debian-clang 1.1.9 4.34 49.25 53.59 OK
r-devel-linux-x86_64-debian-gcc 1.1.9 3.54 37.45 40.99 OK
r-devel-linux-x86_64-fedora-clang 1.1.9 71.83 NOTE
r-devel-linux-x86_64-fedora-gcc 1.1.9 62.56 NOTE
r-devel-windows-ix86+x86_64 1.1.9 10.00 59.00 69.00 NOTE
r-devel-windows-x86_64-gcc10-UCRT 1.1.9 NOTE
r-patched-linux-x86_64 1.1.9 3.55 47.22 50.77 OK
r-patched-solaris-x86 1.1.9 96.30 NOTE
r-release-linux-x86_64 1.1.9 4.47 47.37 51.84 OK
r-release-macos-x86_64 1.1.9 NOTE
r-release-windows-ix86+x86_64 1.1.9 7.00 54.00 61.00 NOTE
r-oldrel-macos-x86_64 1.1.9 NOTE
r-oldrel-windows-ix86+x86_64 1.1.9 7.00 72.00 79.00 NOTE

Check Details

Version: 1.1.9
Check: installed package size
Result: NOTE
     installed size is 5.7Mb
     sub-directories of 1Mb or more:
     doc 5.5Mb
Flavors: r-devel-linux-x86_64-fedora-clang, r-devel-windows-ix86+x86_64, r-patched-solaris-x86, r-release-macos-x86_64, r-release-windows-ix86+x86_64, r-oldrel-macos-x86_64, r-oldrel-windows-ix86+x86_64

Version: 1.1.9
Check: dependencies in R code
Result: NOTE
    Namespaces in Imports field not imported from:
     ‘Hmisc’ ‘car’ ‘dplyr’ ‘grid’ ‘gridExtra’ ‘knitr’ ‘lmerTest’ ‘tidyr’
     All declared Imports should be used.
Flavors: r-devel-linux-x86_64-fedora-clang, r-devel-linux-x86_64-fedora-gcc, r-devel-windows-x86_64-gcc10-UCRT, r-patched-solaris-x86, r-release-macos-x86_64, r-oldrel-macos-x86_64