Last updated on 2023-06-03 05:52:40 CEST.
Flavor | Version | Tinstall | Tcheck | Ttotal | Status | Flags |
---|---|---|---|---|---|---|
r-devel-linux-x86_64-debian-clang | 2.1.15 | 19.53 | 271.09 | 290.62 | OK | |
r-devel-linux-x86_64-debian-gcc | 2.1.15 | 13.55 | 146.98 | 160.53 | OK | |
r-devel-linux-x86_64-fedora-clang | 2.1.15 | 292.85 | NOTE | |||
r-devel-linux-x86_64-fedora-gcc | 2.1.15 | 239.75 | OK | |||
r-devel-windows-x86_64 | 2.1.15 | 19.00 | 163.00 | 182.00 | NOTE | |
r-patched-linux-x86_64 | 2.1.15 | OK | ||||
r-release-linux-x86_64 | 2.1.15 | 17.05 | 183.84 | 200.89 | OK | |
r-release-macos-arm64 | 2.1.15 | 76.00 | NOTE | |||
r-release-macos-x86_64 | 2.1.15 | 116.00 | NOTE | |||
r-release-windows-x86_64 | 2.1.15 | 23.00 | 206.00 | 229.00 | NOTE | |
r-oldrel-macos-arm64 | 2.1.15 | 56.00 | NOTE | |||
r-oldrel-macos-x86_64 | 2.1.15 | 74.00 | NOTE | |||
r-oldrel-windows-x86_64 | 2.1.15 | 25.00 | 154.00 | 179.00 | NOTE |
Version: 2.1.15
Check: installed package size
Result: NOTE
installed size is 12.2Mb
sub-directories of 1Mb or more:
api 3.2Mb
htmlwidgets 7.2Mb
Flavors: r-devel-linux-x86_64-fedora-clang, r-devel-windows-x86_64, r-release-macos-arm64, r-release-macos-x86_64, r-release-windows-x86_64, r-oldrel-macos-arm64, r-oldrel-macos-x86_64, r-oldrel-windows-x86_64