Last updated on 2023-03-31 04:51:57 CEST.
Flavor | Version | Tinstall | Tcheck | Ttotal | Status | Flags |
---|---|---|---|---|---|---|
r-devel-linux-x86_64-debian-clang | 1.6.0 | 11.77 | 80.32 | 92.09 | OK | |
r-devel-linux-x86_64-debian-gcc | 1.6.0 | 9.96 | 61.29 | 71.25 | OK | |
r-devel-linux-x86_64-fedora-clang | 1.6.0 | 110.45 | NOTE | |||
r-devel-linux-x86_64-fedora-gcc | 1.6.0 | 105.73 | OK | |||
r-devel-windows-x86_64 | 1.6.0 | 58.00 | 0.00 | 58.00 | NOTE | |
r-patched-linux-x86_64 | 1.6.0 | 12.71 | 77.58 | 90.29 | OK | |
r-release-linux-x86_64 | 1.6.0 | 10.31 | 74.53 | 84.84 | OK | |
r-release-macos-arm64 | 1.6.0 | 34.00 | NOTE | |||
r-release-macos-x86_64 | 1.6.0 | 45.00 | NOTE | |||
r-release-windows-x86_64 | 1.6.0 | 19.00 | 118.00 | 137.00 | NOTE | |
r-oldrel-macos-arm64 | 1.6.0 | 30.00 | NOTE | |||
r-oldrel-macos-x86_64 | 1.6.0 | 48.00 | NOTE | |||
r-oldrel-windows-ix86+x86_64 | 1.6.0 | 25.00 | 110.00 | 135.00 | NOTE |
Version: 1.6.0
Check: installed package size
Result: NOTE
installed size is 11.5Mb
sub-directories of 1Mb or more:
htmlwidgets 10.0Mb
super-tiny-icons 1.0Mb
Flavors: r-devel-linux-x86_64-fedora-clang, r-devel-windows-x86_64, r-release-macos-arm64, r-release-macos-x86_64, r-release-windows-x86_64, r-oldrel-macos-arm64, r-oldrel-macos-x86_64, r-oldrel-windows-ix86+x86_64