CRAN Package Check Results for Package rAmCharts4

Last updated on 2022-10-02 07:54:34 CEST.

Flavor Version Tinstall Tcheck Ttotal Status Flags
r-devel-linux-x86_64-debian-clang 1.6.0 10.00 77.11 87.11 OK
r-devel-linux-x86_64-debian-gcc 1.6.0 8.44 58.53 66.97 OK
r-devel-linux-x86_64-fedora-clang 1.6.0 118.82 NOTE
r-devel-linux-x86_64-fedora-gcc 1.6.0 121.48 OK
r-devel-windows-x86_64 1.6.0 133.00 122.00 255.00 NOTE
r-patched-linux-x86_64 1.6.0 14.14 71.06 85.20 OK
r-release-linux-x86_64 1.6.0 10.55 71.42 81.97 OK
r-release-macos-arm64 1.6.0 34.00 NOTE
r-release-macos-x86_64 1.6.0 45.00 NOTE
r-release-windows-x86_64 1.6.0 200.00 99.00 299.00 NOTE
r-oldrel-macos-arm64 1.6.0 30.00 NOTE
r-oldrel-macos-x86_64 1.6.0 48.00 NOTE
r-oldrel-windows-ix86+x86_64 1.6.0 23.00 107.00 130.00 NOTE

Check Details

Version: 1.6.0
Check: installed package size
Result: NOTE
     installed size is 11.5Mb
     sub-directories of 1Mb or more:
     htmlwidgets 10.0Mb
     super-tiny-icons 1.0Mb
Flavors: r-devel-linux-x86_64-fedora-clang, r-devel-windows-x86_64, r-release-macos-arm64, r-release-macos-x86_64, r-release-windows-x86_64, r-oldrel-macos-arm64, r-oldrel-macos-x86_64, r-oldrel-windows-ix86+x86_64