CRAN Package Check Results for Package rCAT

Last updated on 2022-11-29 01:52:17 CET.

Flavor Version Tinstall Tcheck Ttotal Status Flags
r-devel-linux-x86_64-debian-clang 0.1.6 4.58 42.30 46.88 NOTE
r-devel-linux-x86_64-debian-gcc 0.1.6 3.16 34.18 37.34 NOTE
r-devel-linux-x86_64-fedora-clang 0.1.6 70.97 NOTE
r-devel-linux-x86_64-fedora-gcc 0.1.6 64.54 NOTE
r-devel-windows-x86_64 0.1.6 15.00 77.00 92.00 NOTE
r-patched-linux-x86_64 0.1.6 3.23 41.31 44.54 NOTE
r-release-linux-x86_64 0.1.6 3.72 41.47 45.19 NOTE
r-release-macos-arm64 0.1.6 23.00 NOTE
r-release-macos-x86_64 0.1.6 30.00 NOTE
r-release-windows-x86_64 0.1.6 13.00 76.00 89.00 NOTE
r-oldrel-macos-arm64 0.1.6 27.00 NOTE
r-oldrel-macos-x86_64 0.1.6 36.00 NOTE
r-oldrel-windows-ix86+x86_64 0.1.6 10.00 68.00 78.00 NOTE

Check Details

Version: 0.1.6
Check: LazyData
Result: NOTE
     'LazyData' is specified without a 'data' directory
Flavors: r-devel-linux-x86_64-debian-clang, r-devel-linux-x86_64-debian-gcc, r-devel-linux-x86_64-fedora-clang, r-devel-linux-x86_64-fedora-gcc, r-devel-windows-x86_64, r-patched-linux-x86_64, r-release-linux-x86_64, r-release-macos-arm64, r-release-macos-x86_64, r-release-windows-x86_64, r-oldrel-macos-arm64, r-oldrel-macos-x86_64, r-oldrel-windows-ix86+x86_64