CRAN Package Check Results for Package rCBA

Last updated on 2025-01-18 07:50:42 CET.

Flavor Version Tinstall Tcheck Ttotal Status Flags
r-devel-linux-x86_64-debian-clang 0.4.3 9.96 87.17 97.13 OK
r-devel-linux-x86_64-debian-gcc 0.4.3 7.48 64.63 72.11 OK
r-devel-linux-x86_64-fedora-clang 0.4.3 159.67 OK
r-devel-linux-x86_64-fedora-gcc 0.4.3 148.32 OK
r-devel-windows-x86_64 0.4.3 11.00 99.00 110.00 OK
r-patched-linux-x86_64 0.4.3 8.83 81.32 90.15 NOTE
r-release-linux-x86_64 0.4.3 9.09 84.43 93.52 NOTE
r-release-macos-arm64 0.4.3 43.00 NOTE
r-release-macos-x86_64 0.4.3 69.00 NOTE
r-release-windows-x86_64 0.4.3 9.00 92.00 101.00 NOTE
r-oldrel-macos-arm64 0.4.3 47.00 NOTE
r-oldrel-macos-x86_64 0.4.3 70.00 NOTE
r-oldrel-windows-x86_64 0.4.3 11.00 108.00 119.00 NOTE

Check Details

Version: 0.4.3
Check: LazyData
Result: NOTE 'LazyData' is specified without a 'data' directory Flavors: r-patched-linux-x86_64, r-release-linux-x86_64, r-release-macos-arm64, r-release-macos-x86_64, r-release-windows-x86_64, r-oldrel-macos-arm64, r-oldrel-macos-x86_64, r-oldrel-windows-x86_64