CRAN Package Check Results for Package rCMA

Last updated on 2024-03-01 14:49:35 CET.

Flavor Version Tinstall Tcheck Ttotal Status Flags
r-devel-linux-x86_64-debian-clang 1.1.1 2.47 30.99 33.46 NOTE
r-devel-linux-x86_64-debian-gcc 1.1.1 1.87 23.33 25.20 NOTE
r-devel-linux-x86_64-fedora-clang 1.1.1 41.55 NOTE
r-devel-linux-x86_64-fedora-gcc 1.1.1 39.04 NOTE
r-devel-windows-x86_64 1.1.1 3.00 46.00 49.00 OK
r-patched-linux-x86_64 1.1.1 2.44 29.99 32.43 NOTE
r-release-linux-x86_64 1.1.1 2.35 30.30 32.65 NOTE
r-release-macos-arm64 1.1.1 16.00 OK
r-release-macos-x86_64 1.1.1 23.00 OK
r-release-windows-x86_64 1.1.1 3.00 49.00 52.00 OK
r-oldrel-macos-arm64 1.1.1 18.00 OK
r-oldrel-windows-x86_64 1.1.1 3.00 49.00 52.00 OK

Check Details

Version: 1.1.1
Check: for non-standard things in the check directory
Result: NOTE Found the following files/directories: ‘outcmaesdisp.dat’ Flavors: r-devel-linux-x86_64-debian-clang, r-devel-linux-x86_64-debian-gcc, r-devel-linux-x86_64-fedora-clang, r-devel-linux-x86_64-fedora-gcc, r-patched-linux-x86_64, r-release-linux-x86_64