CRAN Package Check Results for Package rCMA

Last updated on 2019-09-18 00:47:49 CEST.

Flavor Version Tinstall Tcheck Ttotal Status Flags
r-devel-linux-x86_64-debian-clang 1.1 1.81 24.16 25.97 NOTE
r-devel-linux-x86_64-debian-gcc 1.1 1.47 19.59 21.06 NOTE
r-devel-linux-x86_64-fedora-clang 1.1 32.76 NOTE
r-devel-linux-x86_64-fedora-gcc 1.1 32.87 NOTE
r-devel-windows-ix86+x86_64 1.1 9.00 38.00 47.00 NOTE
r-patched-linux-x86_64 1.1 1.70 23.96 25.66 NOTE
r-patched-solaris-x86 1.1 45.50 NOTE
r-release-linux-x86_64 1.1 1.51 24.27 25.78 NOTE
r-release-windows-ix86+x86_64 1.1 5.00 48.00 53.00 NOTE
r-release-osx-x86_64 1.1 NOTE
r-oldrel-windows-ix86+x86_64 1.1 3.00 36.00 39.00 NOTE
r-oldrel-osx-x86_64 1.1 NOTE

Check Details

Version: 1.1
Check: R code for possible problems
Result: NOTE
    cmaOptimDP: no visible global function definition for 'flush.console'
    Undefined global functions or variables:
     flush.console
    Consider adding
     importFrom("utils", "flush.console")
    to your NAMESPACE file.
Flavors: r-devel-linux-x86_64-debian-clang, r-devel-linux-x86_64-debian-gcc, r-devel-linux-x86_64-fedora-clang, r-devel-linux-x86_64-fedora-gcc, r-devel-windows-ix86+x86_64, r-patched-linux-x86_64, r-patched-solaris-x86, r-release-linux-x86_64, r-release-windows-ix86+x86_64, r-release-osx-x86_64, r-oldrel-windows-ix86+x86_64, r-oldrel-osx-x86_64

Version: 1.1
Check: for non-standard things in the check directory
Result: NOTE
    Found the following files/directories:
     'outcmaesdisp.dat'
Flavors: r-devel-linux-x86_64-debian-clang, r-devel-linux-x86_64-debian-gcc, r-devel-linux-x86_64-fedora-clang, r-devel-linux-x86_64-fedora-gcc