CRAN Package Check Results for Package rChoiceDialogs

Last updated on 2020-10-28 03:48:38 CET.

Flavor Version Tinstall Tcheck Ttotal Status Flags
r-devel-linux-x86_64-debian-clang 1.0.6 3.76 38.90 42.66 NOTE
r-devel-linux-x86_64-debian-gcc 1.0.6 2.89 30.03 32.92 NOTE
r-devel-linux-x86_64-fedora-clang 1.0.6 63.30 NOTE
r-devel-linux-x86_64-fedora-gcc 1.0.6 52.91 NOTE
r-devel-windows-ix86+x86_64 1.0.6 9.00 52.00 61.00 NOTE
r-patched-linux-x86_64 1.0.6 NOTE
r-patched-solaris-x86 1.0.6 77.00 NOTE
r-release-linux-x86_64 1.0.6 3.67 36.72 40.39 NOTE
r-release-macos-x86_64 1.0.6 NOTE
r-release-windows-ix86+x86_64 1.0.6 7.00 48.00 55.00 NOTE
r-oldrel-macos-x86_64 1.0.6 NOTE
r-oldrel-windows-ix86+x86_64 1.0.6 7.00 51.00 58.00 NOTE

Check Details

Version: 1.0.6
Check: DESCRIPTION meta-information
Result: NOTE
    Malformed Description field: should contain one or more complete sentences.
Flavors: r-devel-linux-x86_64-debian-clang, r-devel-linux-x86_64-debian-gcc, r-devel-linux-x86_64-fedora-clang, r-devel-linux-x86_64-fedora-gcc, r-devel-windows-ix86+x86_64, r-patched-linux-x86_64, r-patched-solaris-x86, r-release-linux-x86_64, r-release-macos-x86_64, r-release-windows-ix86+x86_64, r-oldrel-macos-x86_64, r-oldrel-windows-ix86+x86_64

Version: 1.0.6
Check: R code for possible problems
Result: NOTE
    .onAttach: no visible global function definition for
     'packageDescription'
    rselect.list: no visible global function definition for 'select.list'
    Undefined global functions or variables:
     packageDescription select.list
    Consider adding
     importFrom("utils", "packageDescription", "select.list")
    to your NAMESPACE file.
Flavors: r-devel-linux-x86_64-debian-clang, r-devel-linux-x86_64-debian-gcc, r-devel-linux-x86_64-fedora-clang, r-devel-linux-x86_64-fedora-gcc, r-devel-windows-ix86+x86_64, r-patched-linux-x86_64, r-patched-solaris-x86, r-release-linux-x86_64, r-release-macos-x86_64, r-release-windows-ix86+x86_64, r-oldrel-macos-x86_64, r-oldrel-windows-ix86+x86_64