CRAN Package Check Results for Package rEDM

Last updated on 2022-07-04 12:54:19 CEST.

Flavor Version Tinstall Tcheck Ttotal Status Flags
r-devel-linux-x86_64-debian-clang 1.13.0 183.69 105.49 289.18 OK
r-devel-linux-x86_64-debian-gcc 1.13.0 163.31 82.90 246.21 OK
r-devel-linux-x86_64-fedora-clang 1.13.0 463.04 NOTE
r-devel-linux-x86_64-fedora-gcc 1.13.0 414.20 OK
r-devel-windows-x86_64 1.13.0 151.00 280.00 431.00 OK
r-patched-linux-x86_64 1.13.0 178.35 99.94 278.29 OK
r-release-linux-x86_64 1.13.0 169.47 101.09 270.56 OK
r-release-macos-arm64 1.13.0 116.00 NOTE
r-release-macos-x86_64 1.13.0 143.00 NOTE
r-release-windows-x86_64 1.13.0 158.00 287.00 445.00 OK
r-oldrel-macos-arm64 1.13.0 110.00 NOTE
r-oldrel-macos-x86_64 1.13.0 144.00 NOTE
r-oldrel-windows-ix86+x86_64 1.13.0 435.00 270.00 705.00 NOTE

Check Details

Version: 1.13.0
Check: installed package size
Result: NOTE
     installed size is 10.0Mb
     sub-directories of 1Mb or more:
     libs 9.1Mb
Flavors: r-devel-linux-x86_64-fedora-clang, r-release-macos-arm64, r-release-macos-x86_64, r-oldrel-macos-arm64, r-oldrel-macos-x86_64, r-oldrel-windows-ix86+x86_64