CRAN Package Check Results for Package rFIA

Last updated on 2020-04-07 23:47:14 CEST.

Flavor Version Tinstall Tcheck Ttotal Status Flags
r-devel-linux-x86_64-debian-clang 0.2.1 55.24 193.50 248.74 OK
r-devel-linux-x86_64-debian-gcc 0.2.1 44.69 145.45 190.14 OK
r-devel-linux-x86_64-fedora-clang 0.2.1 312.77 NOTE
r-devel-linux-x86_64-fedora-gcc 0.2.1 315.77 OK
r-devel-windows-ix86+x86_64 0.2.1 70.00 199.00 269.00 OK
r-devel-windows-ix86+x86_64-gcc8 0.2.0 50.00 192.00 242.00 OK
r-patched-linux-x86_64 0.2.1 51.21 189.61 240.82 OK
r-patched-solaris-x86 0.2.1 394.80 NOTE
r-release-linux-x86_64 0.2.1 46.09 175.29 221.38 OK
r-release-windows-ix86+x86_64 0.2.0 81.00 256.00 337.00 OK
r-release-osx-x86_64 0.2.0 OK
r-oldrel-windows-ix86+x86_64 0.2.1 77.00 273.00 350.00 OK
r-oldrel-osx-x86_64 0.2.0 OK

Check Details

Version: 0.2.1
Check: installed package size
Result: NOTE
     installed size is 5.0Mb
     sub-directories of 1Mb or more:
     R 2.1Mb
     data 1.9Mb
Flavors: r-devel-linux-x86_64-fedora-clang, r-patched-solaris-x86