CRAN Package Check Results for Package rFUSION

Last updated on 2022-12-04 11:54:37 CET.

Flavor Version Tinstall Tcheck Ttotal Status Flags
r-devel-windows-x86_64 0.1 13.00 71.00 84.00 NOTE
r-release-windows-x86_64 0.1 11.00 77.00 88.00 NOTE
r-oldrel-macos-arm64 0.1 46.00 NOTE
r-oldrel-windows-ix86+x86_64 0.1 14.00 69.00 83.00 NOTE

Check Details

Version: 0.1
Check: LazyData
Result: NOTE
     'LazyData' is specified without a 'data' directory
Flavors: r-devel-windows-x86_64, r-release-windows-x86_64, r-oldrel-macos-arm64, r-oldrel-windows-ix86+x86_64