CRAN Package Check Results for Package rFerns

Last updated on 2021-09-20 11:53:37 CEST.

Flavor Version Tinstall Tcheck Ttotal Status Flags
r-devel-linux-x86_64-debian-clang 4.0.0 4.37 24.37 28.74 OK
r-devel-linux-x86_64-debian-gcc 4.0.0 3.03 18.63 21.66 OK
r-devel-linux-x86_64-fedora-clang 4.0.0 12.89 ERROR
r-devel-linux-x86_64-fedora-gcc 4.0.0 31.68 OK
r-devel-windows-x86_64 4.0.0 6.00 34.00 40.00 OK
r-devel-windows-x86_64-gcc10-UCRT 4.0.0 ERROR
r-patched-linux-x86_64 4.0.0 4.03 23.53 27.56 OK
r-patched-solaris-x86 4.0.0 49.00 OK
r-release-linux-x86_64 4.0.0 3.36 23.08 26.44 OK
r-release-macos-arm64 4.0.0 OK
r-release-macos-x86_64 4.0.0 OK
r-release-windows-ix86+x86_64 4.0.0 9.00 39.00 48.00 OK
r-oldrel-macos-x86_64 4.0.0 OK
r-oldrel-windows-ix86+x86_64 4.0.0 10.00 38.00 48.00 OK

Additional issues

clang-UBSAN

Check Details

Version: 4.0.0
Check: whether package can be installed
Result: ERROR
    Installation failed.
Flavors: r-devel-linux-x86_64-fedora-clang, r-devel-windows-x86_64-gcc10-UCRT