CRAN Package Check Results for Package rHealthDataGov

Last updated on 2019-06-19 20:46:53 CEST.

Flavor Version Tinstall Tcheck Ttotal Status Flags
r-devel-linux-x86_64-debian-clang 1.0.1 2.34 23.00 25.34 NOTE
r-devel-linux-x86_64-debian-gcc 1.0.1 2.30 19.05 21.35 NOTE
r-devel-linux-x86_64-fedora-clang 1.0.1 31.80 NOTE
r-devel-linux-x86_64-fedora-gcc 1.0.1 30.50 NOTE
r-devel-windows-ix86+x86_64 1.0.1 10.00 51.00 61.00 NOTE
r-patched-linux-x86_64 1.0.1 2.77 23.25 26.02 NOTE
r-patched-solaris-x86 1.0.1 54.80 NOTE
r-release-linux-x86_64 1.0.1 2.73 23.28 26.01 NOTE
r-release-windows-ix86+x86_64 1.0.1 9.00 46.00 55.00 NOTE
r-release-osx-x86_64 1.0.1 NOTE
r-oldrel-windows-ix86+x86_64 1.0.1 4.00 52.00 56.00 NOTE
r-oldrel-osx-x86_64 1.0.1 NOTE

Check Details

Version: 1.0.1
Check: R code for possible problems
Result: NOTE
    .quick_fetch: no visible global function definition for 'POST'
    .quick_fetch: no visible global function definition for 'add_headers'
    .quick_fetch: no visible global function definition for
     'stop_for_status'
    .quick_fetch: no visible global function definition for 'content'
    fetch_healthdata: no visible binding for global variable 'resources'
    fetch_healthdata : <anonymous>: no visible binding for global variable
     'filters'
    Undefined global functions or variables:
     POST add_headers content filters resources stop_for_status
Flavors: r-devel-linux-x86_64-debian-clang, r-devel-linux-x86_64-debian-gcc, r-devel-linux-x86_64-fedora-clang, r-devel-linux-x86_64-fedora-gcc, r-devel-windows-ix86+x86_64, r-patched-linux-x86_64, r-patched-solaris-x86, r-release-linux-x86_64, r-release-windows-ix86+x86_64, r-release-osx-x86_64, r-oldrel-windows-ix86+x86_64, r-oldrel-osx-x86_64