CRAN Package Check Results for Package rHealthDataGov

Last updated on 2019-09-23 13:46:29 CEST.

Flavor Version Tinstall Tcheck Ttotal Status Flags
r-devel-linux-x86_64-debian-clang 1.0.1 2.53 22.81 25.34 NOTE
r-devel-linux-x86_64-debian-gcc 1.0.1 2.38 18.72 21.10 NOTE
r-devel-linux-x86_64-fedora-clang 1.0.1 32.14 NOTE
r-devel-linux-x86_64-fedora-gcc 1.0.1 31.78 NOTE
r-devel-windows-ix86+x86_64 1.0.1 11.00 55.00 66.00 NOTE
r-patched-linux-x86_64 1.0.1 2.74 22.92 25.66 NOTE
r-patched-solaris-x86 1.0.1 51.20 NOTE
r-release-linux-x86_64 1.0.1 2.44 22.67 25.11 NOTE
r-release-windows-ix86+x86_64 1.0.1 11.00 49.00 60.00 NOTE
r-release-osx-x86_64 1.0.1 NOTE
r-oldrel-windows-ix86+x86_64 1.0.1 3.00 37.00 40.00 NOTE
r-oldrel-osx-x86_64 1.0.1 NOTE

Check Details

Version: 1.0.1
Check: R code for possible problems
Result: NOTE
    .quick_fetch: no visible global function definition for 'POST'
    .quick_fetch: no visible global function definition for 'add_headers'
    .quick_fetch: no visible global function definition for
     'stop_for_status'
    .quick_fetch: no visible global function definition for 'content'
    fetch_healthdata: no visible binding for global variable 'resources'
    fetch_healthdata : <anonymous>: no visible binding for global variable
     'filters'
    Undefined global functions or variables:
     POST add_headers content filters resources stop_for_status
Flavors: r-devel-linux-x86_64-debian-clang, r-devel-linux-x86_64-debian-gcc, r-devel-linux-x86_64-fedora-clang, r-devel-linux-x86_64-fedora-gcc, r-devel-windows-ix86+x86_64, r-patched-linux-x86_64, r-patched-solaris-x86, r-release-linux-x86_64, r-release-windows-ix86+x86_64, r-release-osx-x86_64, r-oldrel-windows-ix86+x86_64, r-oldrel-osx-x86_64