Last updated on 2021-04-10 15:47:55 CEST.
Flavor | Version | Tinstall | Tcheck | Ttotal | Status | Flags |
---|---|---|---|---|---|---|
r-devel-linux-x86_64-debian-clang | 1.2.0 | 6.10 | 49.02 | 55.12 | NOTE | |
r-devel-linux-x86_64-debian-gcc | 1.2.0 | 3.80 | 37.12 | 40.92 | NOTE | |
r-devel-linux-x86_64-fedora-clang | 1.2.0 | 71.01 | NOTE | |||
r-devel-linux-x86_64-fedora-gcc | 1.2.0 | 60.49 | NOTE | |||
r-devel-windows-ix86+x86_64 | 1.2.0 | 10.00 | 51.00 | 61.00 | NOTE | |
r-devel-windows-x86_64-gcc10-UCRT | 1.2.0 | NOTE | ||||
r-patched-linux-x86_64 | 1.2.0 | 5.29 | 45.90 | 51.19 | OK | |
r-release-linux-x86_64 | 1.2.0 | 5.23 | 45.83 | 51.06 | OK | |
r-release-macos-x86_64 | 1.2.0 | OK | ||||
r-release-windows-ix86+x86_64 | 1.2.0 | 18.00 | 75.00 | 93.00 | OK | |
r-oldrel-macos-x86_64 | 1.2.0 | OK | ||||
r-oldrel-windows-ix86+x86_64 | 1.2.0 | 11.00 | 48.00 | 59.00 | OK |
Version: 1.2.0
Check: LazyData
Result: NOTE
'LazyData' is specified without a 'data' directory
Flavors: r-devel-linux-x86_64-debian-clang, r-devel-linux-x86_64-debian-gcc, r-devel-linux-x86_64-fedora-clang, r-devel-linux-x86_64-fedora-gcc, r-devel-windows-ix86+x86_64, r-devel-windows-x86_64-gcc10-UCRT