CRAN Package Check Results for Package rIP

Last updated on 2019-03-24 14:49:51 CET.

Flavor Version Tinstall Tcheck Ttotal Status Flags
r-devel-linux-x86_64-debian-clang 0.1.1 1.22 16.31 17.53 OK
r-devel-linux-x86_64-debian-gcc 0.1.1 1.16 13.56 14.72 OK
r-devel-linux-x86_64-fedora-clang 0.1.1 21.84 OK
r-devel-linux-x86_64-fedora-gcc 0.1.1 20.70 OK
r-devel-windows-ix86+x86_64 0.1.1 6.00 35.00 41.00 OK
r-patched-linux-x86_64 0.1.1 0.79 15.62 16.41 OK
r-patched-solaris-x86 0.1.1 31.60 OK
r-release-linux-x86_64 0.1.1 0.29 1.86 2.15 ERROR
r-release-windows-ix86+x86_64 0.1.1 3.00 27.00 30.00 OK
r-release-osx-x86_64 0.1.1 OK
r-oldrel-windows-ix86+x86_64 0.1.1 2.00 27.00 29.00 OK
r-oldrel-osx-x86_64 0.1.1 OK

Check Details

Version: 0.1.1
Check: whether package can be installed
Result: ERROR
    Installation failed.
Flavor: r-release-linux-x86_64