CRAN Package Check Results for Package rIP

Last updated on 2019-05-21 00:52:23 CEST.

Flavor Version Tinstall Tcheck Ttotal Status Flags
r-devel-linux-x86_64-debian-clang 1.1.2 1.54 17.52 19.06 OK
r-devel-linux-x86_64-debian-gcc 1.1.2 1.33 14.33 15.66 OK
r-devel-linux-x86_64-fedora-clang 1.1.2 24.65 OK
r-devel-linux-x86_64-fedora-gcc 1.1.2 22.44 OK
r-devel-windows-ix86+x86_64 1.1.2 6.00 39.00 45.00 OK
r-patched-linux-x86_64 1.1.2 1.61 17.58 19.19 OK
r-patched-solaris-x86 1.1.2 3.50 ERROR
r-release-linux-x86_64 1.1.2 1.51 17.34 18.85 OK
r-release-windows-ix86+x86_64 1.1.2 8.00 37.00 45.00 OK
r-release-osx-x86_64 1.1.2 OK
r-oldrel-windows-ix86+x86_64 1.1.2 3.00 29.00 32.00 OK
r-oldrel-osx-x86_64 1.1.2 OK

Check Details

Version: 1.1.2
Check: package dependencies
Result: ERROR
    Package required but not available: ‘iptools’
    
    See section ‘The DESCRIPTION file’ in the ‘Writing R Extensions’
    manual.
Flavor: r-patched-solaris-x86