CRAN Package Check Results for Package rLindo

Last updated on 2019-07-24 04:46:27 CEST.

Flavor Version Tinstall Tcheck Ttotal Status Flags
r-devel-linux-x86_64-debian-clang 8.0.1 5.28 44.56 49.84 NOTE --no-examples --no-tests --no-vignettes
r-devel-linux-x86_64-debian-gcc 8.0.1 4.41 36.17 40.58 NOTE --no-examples --no-tests --no-vignettes
r-devel-windows-ix86+x86_64 8.0.1 34.00 87.00 121.00 NOTE
r-patched-linux-x86_64 8.0.1 5.90 45.22 51.12 NOTE --no-examples --no-tests --no-vignettes
r-release-linux-x86_64 8.0.1 6.16 44.57 50.73 NOTE --no-examples --no-tests --no-vignettes
r-release-windows-ix86+x86_64 8.0.1 33.00 100.00 133.00 NOTE
r-release-osx-x86_64 8.0.1 ERROR
r-oldrel-windows-ix86+x86_64 8.0.1 31.00 74.00 105.00 NOTE
r-oldrel-osx-x86_64 8.0.1 ERROR

Check Details

Version: 8.0.1
Flags: --no-examples --no-tests --no-vignettes
Check: dependencies in R code
Result: NOTE
    Package in Depends field not imported from: 'methods'
     These packages need to be imported from (in the NAMESPACE file)
     for when this namespace is loaded but not attached.
Flavors: r-devel-linux-x86_64-debian-clang, r-devel-linux-x86_64-debian-gcc, r-patched-linux-x86_64, r-release-linux-x86_64

Version: 8.0.1
Flags: --no-examples --no-tests --no-vignettes
Check: line endings in Makefiles
Result: NOTE
    Found the following Makefile(s) without a final LF:
     src/Makevars.in
    Some 'make' programs ignore lines not ending in LF.
Flavors: r-devel-linux-x86_64-debian-clang, r-devel-linux-x86_64-debian-gcc, r-patched-linux-x86_64, r-release-linux-x86_64

Version: 8.0.1
Check: dependencies in R code
Result: NOTE
    Package in Depends field not imported from: 'methods'
     These packages need to be imported from (in the NAMESPACE file)
     for when this namespace is loaded but not attached.
Flavors: r-devel-windows-ix86+x86_64, r-release-windows-ix86+x86_64, r-oldrel-windows-ix86+x86_64

Version: 8.0.1
Check: line endings in Makefiles
Result: NOTE
    Found the following Makefile(s) without a final LF:
     src/Makevars.in
    Some 'make' programs ignore lines not ending in LF.
Flavors: r-devel-windows-ix86+x86_64, r-release-windows-ix86+x86_64, r-oldrel-windows-ix86+x86_64

Version: 8.0.1
Check: whether package can be installed
Result: ERROR
    Installation failed.
Flavors: r-release-osx-x86_64, r-oldrel-osx-x86_64