CRAN Package Check Results for Package rMEA

Last updated on 2020-10-25 16:49:48 CET.

Flavor Version Tinstall Tcheck Ttotal Status Flags
r-devel-linux-x86_64-debian-clang 1.2.0 4.71 52.06 56.77 OK
r-devel-linux-x86_64-debian-gcc 1.2.0 3.48 38.06 41.54 OK
r-devel-linux-x86_64-fedora-clang 1.2.0 75.45 OK
r-devel-linux-x86_64-fedora-gcc 1.2.0 66.56 OK
r-devel-windows-ix86+x86_64 1.2.0 10.00 70.00 80.00 OK
r-patched-linux-x86_64 1.2.0 3.92 48.70 52.62 OK
r-patched-solaris-x86 1.2.0 99.20 OK
r-release-linux-x86_64 1.2.0 4.63 48.97 53.60 OK
r-release-macos-x86_64 1.2.0 OK
r-release-windows-ix86+x86_64 1.2.0 7.00 56.00 63.00 OK
r-oldrel-macos-x86_64 1.2.0 ERROR
r-oldrel-windows-ix86+x86_64 1.1.0 8.00 62.00 70.00 OK

Check Details

Version: 1.2.0
Check: whether package can be installed
Result: ERROR
    Installation failed.
Flavor: r-oldrel-macos-x86_64