CRAN Package Check Results for Package rNeighborQTL

Last updated on 2021-07-25 10:49:38 CEST.

Flavor Version Tinstall Tcheck Ttotal Status Flags
r-devel-linux-x86_64-debian-clang 1.1.2 8.44 143.03 151.47 OK
r-devel-linux-x86_64-debian-gcc 1.1.2 7.05 109.58 116.63 OK
r-devel-linux-x86_64-fedora-clang 1.1.2 191.37 NOTE
r-devel-linux-x86_64-fedora-gcc 1.1.2 179.51 NOTE
r-devel-windows-x86_64 1.1.2 8.00 141.00 149.00 OK
r-devel-windows-x86_64-gcc10-UCRT 1.1.2 NOTE
r-patched-linux-x86_64 1.1.2 9.11 136.62 145.73 OK
r-patched-solaris-x86 1.1.2 384.30 NOTE
r-release-linux-x86_64 1.1.2 9.22 135.48 144.70 OK
r-release-macos-arm64 1.1.2 NOTE
r-release-macos-x86_64 1.1.2 NOTE
r-release-windows-ix86+x86_64 1.1.2 18.00 128.00 146.00 OK
r-oldrel-macos-x86_64 1.1.2 NOTE
r-oldrel-windows-ix86+x86_64 1.1.2 18.00 176.00 194.00 OK

Check Details

Version: 1.1.2
Check: dependencies in R code
Result: NOTE
    Namespace in Imports field not imported from: ‘qtl’
     All declared Imports should be used.
Flavors: r-devel-linux-x86_64-fedora-clang, r-devel-linux-x86_64-fedora-gcc, r-devel-windows-x86_64-gcc10-UCRT, r-patched-solaris-x86, r-release-macos-arm64, r-release-macos-x86_64, r-oldrel-macos-x86_64