CRAN Package Check Results for Package rSPDE

Last updated on 2021-05-15 22:50:25 CEST.

Flavor Version Tinstall Tcheck Ttotal Status Flags
r-devel-linux-x86_64-debian-clang 0.6.2 7.33 75.27 82.60 NOTE
r-devel-linux-x86_64-debian-gcc 0.6.2 6.70 57.83 64.53 NOTE
r-devel-linux-x86_64-fedora-clang 0.6.2 108.95 OK
r-devel-linux-x86_64-fedora-gcc 0.6.2 97.94 OK
r-devel-windows-ix86+x86_64 0.6.2 17.00 74.00 91.00 OK
r-devel-windows-x86_64-gcc10-UCRT 0.6.2 NOTE
r-patched-linux-x86_64 0.6.2 7.35 72.58 79.93 NOTE
r-patched-solaris-x86 0.6.2 140.90 NOTE
r-release-linux-x86_64 0.6.2 7.47 70.37 77.84 NOTE
r-release-macos-x86_64 0.6.2 NOTE
r-release-windows-ix86+x86_64 0.6.2 15.00 108.00 123.00 OK
r-oldrel-macos-x86_64 0.6.2 NOTE
r-oldrel-windows-ix86+x86_64 0.6.2 11.00 95.00 106.00 OK

Check Details

Version: 0.6.2
Check: package dependencies
Result: NOTE
    Package suggested but not available for checking: 'INLA'
Flavors: r-devel-linux-x86_64-debian-clang, r-devel-linux-x86_64-debian-gcc, r-devel-windows-x86_64-gcc10-UCRT, r-patched-linux-x86_64, r-patched-solaris-x86, r-release-linux-x86_64, r-release-macos-x86_64, r-oldrel-macos-x86_64