CRAN Package Check Results for Package rSQM

Last updated on 2021-09-28 15:51:40 CEST.

Flavor Version Tinstall Tcheck Ttotal Status Flags
r-devel-linux-x86_64-debian-clang 1.3.14 13.06 94.03 107.09 NOTE
r-devel-linux-x86_64-debian-gcc 1.3.14 9.91 70.11 80.02 NOTE
r-devel-linux-x86_64-fedora-clang 1.3.14 132.58 NOTE
r-devel-linux-x86_64-fedora-gcc 1.3.14 135.73 NOTE
r-devel-windows-x86_64 1.3.14 14.00 90.00 104.00 NOTE
r-devel-windows-x86_64-gcc10-UCRT 1.3.14 NOTE
r-patched-linux-x86_64 1.3.14 11.12 87.51 98.63 NOTE
r-patched-solaris-x86 1.3.14 176.30 NOTE
r-release-linux-x86_64 1.3.14 11.90 87.34 99.24 NOTE
r-release-macos-arm64 1.3.14 NOTE
r-release-macos-x86_64 1.3.14 NOTE
r-release-windows-ix86+x86_64 1.3.14 27.00 92.00 119.00 NOTE
r-oldrel-macos-x86_64 1.3.14 OK
r-oldrel-windows-ix86+x86_64 1.3.14 20.00 95.00 115.00 OK

Check Details

Version: 1.3.14
Check: LazyData
Result: NOTE
     'LazyData' is specified without a 'data' directory
Flavors: r-devel-linux-x86_64-debian-clang, r-devel-linux-x86_64-debian-gcc, r-devel-linux-x86_64-fedora-clang, r-devel-linux-x86_64-fedora-gcc, r-devel-windows-x86_64, r-devel-windows-x86_64-gcc10-UCRT, r-patched-linux-x86_64, r-patched-solaris-x86, r-release-linux-x86_64, r-release-macos-arm64, r-release-macos-x86_64, r-release-windows-ix86+x86_64

Version: 1.3.14
Check: for non-standard things in the check directory
Result: NOTE
    Found the following files/directories:
     'Database' 'rSQM.yaml' 'rSQM_Sample_Project' 'sample_script.R'
Flavors: r-devel-linux-x86_64-debian-clang, r-devel-linux-x86_64-debian-gcc, r-devel-linux-x86_64-fedora-clang, r-devel-linux-x86_64-fedora-gcc, r-patched-linux-x86_64, r-patched-solaris-x86, r-release-linux-x86_64