CRAN Package Check Results for Package rTensor

Last updated on 2019-08-17 19:48:37 CEST.

Flavor Version Tinstall Tcheck Ttotal Status Flags
r-devel-linux-x86_64-debian-clang 1.4 9.53 35.50 45.03 OK
r-devel-linux-x86_64-debian-gcc 1.4 8.77 28.89 37.66 OK
r-devel-linux-x86_64-fedora-clang 1.4 56.22 NOTE
r-devel-linux-x86_64-fedora-gcc 1.4 57.32 OK
r-devel-windows-ix86+x86_64 1.4 22.00 57.00 79.00 NOTE
r-patched-linux-x86_64 1.4 9.52 35.42 44.94 OK
r-patched-solaris-x86 1.4 86.20 NOTE
r-release-linux-x86_64 1.4 9.42 35.00 44.42 OK
r-release-windows-ix86+x86_64 1.4 14.00 70.00 84.00 NOTE
r-release-osx-x86_64 1.4 NOTE
r-oldrel-windows-ix86+x86_64 1.4 13.00 48.00 61.00 NOTE
r-oldrel-osx-x86_64 1.4 NOTE

Check Details

Version: 1.4
Check: installed package size
Result: NOTE
     installed size is 6.1Mb
     sub-directories of 1Mb or more:
     data 5.7Mb
Flavors: r-devel-linux-x86_64-fedora-clang, r-devel-windows-ix86+x86_64, r-patched-solaris-x86, r-release-windows-ix86+x86_64, r-release-osx-x86_64, r-oldrel-windows-ix86+x86_64, r-oldrel-osx-x86_64