CRAN Package Check Results for Package rTensor

Last updated on 2019-02-18 05:49:37 CET.

Flavor Version Tinstall Tcheck Ttotal Status Flags
r-devel-linux-x86_64-debian-clang 1.4 9.16 35.47 44.63 OK
r-devel-linux-x86_64-debian-gcc 1.4 8.06 28.67 36.73 OK
r-devel-linux-x86_64-fedora-clang 1.4 55.87 NOTE
r-devel-linux-x86_64-fedora-gcc 1.4 54.15 OK
r-devel-windows-ix86+x86_64 1.4 19.00 49.00 68.00 NOTE
r-patched-linux-x86_64 1.4 8.62 33.86 42.48 OK
r-patched-solaris-x86 1.4 81.00 NOTE
r-release-linux-x86_64 1.4 OK
r-release-windows-ix86+x86_64 1.4 13.00 48.00 61.00 NOTE
r-release-osx-x86_64 1.4 NOTE
r-oldrel-windows-ix86+x86_64 1.4 11.00 53.00 64.00 NOTE
r-oldrel-osx-x86_64 1.4 NOTE

Check Details

Version: 1.4
Check: installed package size
Result: NOTE
     installed size is 6.1Mb
     sub-directories of 1Mb or more:
     data 5.7Mb
Flavors: r-devel-linux-x86_64-fedora-clang, r-devel-windows-ix86+x86_64, r-patched-solaris-x86, r-release-windows-ix86+x86_64, r-release-osx-x86_64, r-oldrel-windows-ix86+x86_64, r-oldrel-osx-x86_64