CRAN Package Check Results for Package rTensor

Last updated on 2019-04-26 13:47:52 CEST.

Flavor Version Tinstall Tcheck Ttotal Status Flags
r-devel-linux-x86_64-debian-clang 1.4 9.17 35.56 44.73 OK
r-devel-linux-x86_64-debian-gcc 1.4 8.89 28.84 37.73 OK
r-devel-linux-x86_64-fedora-clang 1.4 58.14 NOTE
r-devel-linux-x86_64-fedora-gcc 1.4 54.16 OK
r-devel-windows-ix86+x86_64 1.4 21.00 51.00 72.00 NOTE
r-patched-linux-x86_64 1.4 8.75 34.79 43.54 OK
r-patched-solaris-x86 1.4 83.80 NOTE
r-release-linux-x86_64 1.4 9.19 33.84 43.03 OK
r-release-windows-ix86+x86_64 1.4 13.00 48.00 61.00 NOTE
r-release-osx-x86_64 1.4 NOTE
r-oldrel-windows-ix86+x86_64 1.4 11.00 53.00 64.00 NOTE
r-oldrel-osx-x86_64 1.4 NOTE

Check Details

Version: 1.4
Check: installed package size
Result: NOTE
     installed size is 6.1Mb
     sub-directories of 1Mb or more:
     data 5.7Mb
Flavors: r-devel-linux-x86_64-fedora-clang, r-devel-windows-ix86+x86_64, r-patched-solaris-x86, r-release-windows-ix86+x86_64, r-release-osx-x86_64, r-oldrel-windows-ix86+x86_64, r-oldrel-osx-x86_64