CRAN Package Check Results for Package rTorch

Last updated on 2020-03-30 19:49:35 CEST.

Flavor Version Tinstall Tcheck Ttotal Status Flags
r-devel-linux-x86_64-debian-clang 0.0.3 4.41 38.23 42.64 OK
r-devel-linux-x86_64-debian-gcc 0.0.3 4.40 30.80 35.20 OK
r-devel-linux-x86_64-fedora-clang 0.0.3 52.59 OK
r-devel-linux-x86_64-fedora-gcc 0.0.3 52.60 OK
r-devel-windows-ix86+x86_64 0.0.3 11.00 50.00 61.00 OK
r-devel-windows-ix86+x86_64-gcc8 0.0.3 10.00 55.00 65.00 OK
r-patched-linux-x86_64 0.0.3 5.20 36.68 41.88 OK
r-patched-solaris-x86 0.0.3 77.70 OK
r-release-linux-x86_64 0.0.3 4.23 34.21 38.44 OK
r-release-windows-ix86+x86_64 0.0.3 16.00 82.00 98.00 OK
r-release-osx-x86_64 0.0.3 OK
r-oldrel-windows-ix86+x86_64 0.0.3 10.00 72.00 82.00 WARN
r-oldrel-osx-x86_64 0.0.3 OK

Check Details

Version: 0.0.3
Check: whether package can be installed
Result: WARN
    Found the following significant warnings:
     Warning: unable to re-encode 'generics.R' lines 147, 186
Flavor: r-oldrel-windows-ix86+x86_64