CRAN Package Check Results for Package rUM

Last updated on 2021-10-17 01:51:17 CEST.

Flavor Version Tinstall Tcheck Ttotal Status Flags
r-devel-linux-x86_64-debian-clang 0.3.0 9.21 71.52 80.73 OK
r-devel-linux-x86_64-debian-gcc 0.3.0 7.55 53.82 61.37 OK
r-devel-linux-x86_64-fedora-clang 0.3.0 104.74 NOTE
r-devel-linux-x86_64-fedora-gcc 0.3.0 94.72 NOTE
r-devel-windows-x86_64 0.3.0 24.00 69.00 93.00 OK
r-devel-windows-x86_64-gcc10-UCRT 0.3.0 NOTE
r-patched-linux-x86_64 0.3.0 8.55 66.91 75.46 OK
r-patched-solaris-x86 0.3.0 131.90 NOTE
r-release-linux-x86_64 0.3.0 9.09 66.85 75.94 OK
r-release-macos-arm64 0.3.0 NOTE
r-release-macos-x86_64 0.3.0 NOTE
r-release-windows-ix86+x86_64 0.3.0 24.00 96.00 120.00 OK
r-oldrel-macos-x86_64 0.3.0 NOTE
r-oldrel-windows-ix86+x86_64 0.3.0 23.00 100.00 123.00 OK

Check Details

Version: 0.3.0
Check: dependencies in R code
Result: NOTE
    Namespaces in Imports field not imported from:
     ‘bookdown’ ‘rmarkdown’ ‘table1’
     All declared Imports should be used.
Flavors: r-devel-linux-x86_64-fedora-clang, r-devel-linux-x86_64-fedora-gcc, r-devel-windows-x86_64-gcc10-UCRT, r-patched-solaris-x86, r-release-macos-arm64, r-release-macos-x86_64, r-oldrel-macos-x86_64