CRAN Package Check Results for Package rWishart

Last updated on 2021-04-23 01:50:15 CEST.

Flavor Version Tinstall Tcheck Ttotal Status Flags
r-devel-linux-x86_64-debian-clang 0.1.2 6.84 58.75 65.59 NOTE
r-devel-linux-x86_64-debian-gcc 0.1.2 5.38 45.74 51.12 NOTE
r-devel-linux-x86_64-fedora-clang 0.1.2 88.91 NOTE
r-devel-linux-x86_64-fedora-gcc 0.1.2 79.05 NOTE
r-devel-windows-ix86+x86_64 0.1.2 14.00 79.00 93.00 NOTE
r-devel-windows-x86_64-gcc10-UCRT 0.1.2 NOTE
r-patched-linux-x86_64 0.1.2 5.65 55.10 60.75 OK
r-patched-solaris-x86 0.1.2 123.00 OK
r-release-linux-x86_64 0.1.2 6.23 54.80 61.03 OK
r-release-macos-x86_64 0.1.2 OK
r-release-windows-ix86+x86_64 0.1.2 15.00 68.00 83.00 OK
r-oldrel-macos-x86_64 0.1.2 OK
r-oldrel-windows-ix86+x86_64 0.1.2 12.00 77.00 89.00 OK

Check Details

Version: 0.1.2
Check: LazyData
Result: NOTE
     'LazyData' is specified without a 'data' directory
Flavors: r-devel-linux-x86_64-debian-clang, r-devel-linux-x86_64-debian-gcc, r-devel-linux-x86_64-fedora-clang, r-devel-linux-x86_64-fedora-gcc, r-devel-windows-ix86+x86_64, r-devel-windows-x86_64-gcc10-UCRT