CRAN Package Check Results for Package raceland

Last updated on 2023-06-07 23:40:44 CEST.

Flavor Version Tinstall Tcheck Ttotal Status Flags
r-devel-linux-x86_64-debian-clang 1.2.1 91.25 143.09 234.34 OK
r-devel-linux-x86_64-debian-gcc 1.2.1 64.64 109.68 174.32 OK
r-devel-linux-x86_64-fedora-clang 1.2.1 315.66 NOTE
r-devel-linux-x86_64-fedora-gcc 1.2.1 315.32 NOTE
r-devel-windows-x86_64 1.2.1 66.00 136.00 202.00 OK
r-patched-linux-x86_64 1.2.1 73.20 138.14 211.34 OK
r-release-linux-x86_64 1.2.1 74.04 137.07 211.11 OK
r-release-macos-arm64 1.2.1 86.00 OK
r-release-macos-x86_64 1.2.1 131.00 OK
r-release-windows-x86_64 1.2.1 85.00 174.00 259.00 OK
r-oldrel-macos-arm64 1.2.1 73.00 OK
r-oldrel-macos-x86_64 1.2.1 97.00 OK
r-oldrel-windows-x86_64 1.2.1 78.00 172.00 250.00 OK

Check Details

Version: 1.2.1
Check: dependencies in R code
Result: NOTE
    Namespace in Imports field not imported from: ‘comat’
     All declared Imports should be used.
Flavors: r-devel-linux-x86_64-fedora-clang, r-devel-linux-x86_64-fedora-gcc