CRAN Package Check Results for Package radiant.model

Last updated on 2022-10-05 17:51:15 CEST.

Flavor Version Tinstall Tcheck Ttotal Status Flags
r-devel-linux-x86_64-debian-clang 1.4.8 29.33 252.16 281.49 OK
r-devel-linux-x86_64-debian-gcc 1.4.8 24.60 221.86 246.46 OK
r-devel-linux-x86_64-fedora-clang 1.4.8 371.17 NOTE
r-devel-linux-x86_64-fedora-gcc 1.4.8 350.09 OK
r-devel-windows-x86_64 1.4.8 85.00 289.00 374.00 OK
r-patched-linux-x86_64 1.4.8 35.28 234.47 269.75 OK
r-release-linux-x86_64 1.4.8 27.38 231.76 259.14 OK
r-release-macos-arm64 1.4.8 64.00 OK
r-release-macos-x86_64 1.4.8 111.00 OK
r-release-windows-x86_64 1.4.8 80.00 292.00 372.00 OK
r-oldrel-macos-arm64 1.4.8 62.00 OK
r-oldrel-macos-x86_64 1.4.8 112.00 OK
r-oldrel-windows-ix86+x86_64 1.4.8 62.00 275.00 337.00 OK

Check Details

Version: 1.4.8
Check: package dependencies
Result: NOTE
    Imports includes 27 non-default packages.
    Importing from so many packages makes the package vulnerable to any of
    them becoming unavailable. Move as many as possible to Suggests and
    use conditionally.
Flavor: r-devel-linux-x86_64-fedora-clang