CRAN Package Check Results for Package radlibs

Last updated on 2020-03-30 18:49:10 CEST.

Flavor Version Tinstall Tcheck Ttotal Status Flags
r-devel-linux-x86_64-debian-clang 0.1.0 2.50 39.89 42.39 OK
r-devel-linux-x86_64-debian-gcc 0.1.0 2.21 28.11 30.32 OK
r-devel-linux-x86_64-fedora-clang 0.1.0 45.89 NOTE
r-devel-linux-x86_64-fedora-gcc 0.1.0 43.63 NOTE
r-devel-windows-ix86+x86_64 0.1.0 9.00 52.00 61.00 OK
r-devel-windows-ix86+x86_64-gcc8 0.1.0 7.00 43.00 50.00 OK
r-patched-linux-x86_64 0.1.0 2.70 34.10 36.80 OK
r-patched-solaris-x86 0.1.0 84.50 NOTE
r-release-linux-x86_64 0.1.0 2.23 32.84 35.07 OK
r-release-windows-ix86+x86_64 0.1.0 8.00 75.00 83.00 OK
r-release-osx-x86_64 0.1.0 NOTE
r-oldrel-windows-ix86+x86_64 0.1.0 8.00 72.00 80.00 OK
r-oldrel-osx-x86_64 0.1.0 NOTE

Check Details

Version: 0.1.0
Check: data for non-ASCII characters
Result: NOTE
     Note: found 3 marked UTF-8 strings
Flavors: r-devel-linux-x86_64-fedora-clang, r-devel-linux-x86_64-fedora-gcc, r-patched-solaris-x86, r-release-osx-x86_64, r-oldrel-osx-x86_64