Last updated on 2023-09-24 17:58:30 CEST.
Flavor | Version | Tinstall | Tcheck | Ttotal | Status | Flags |
---|---|---|---|---|---|---|
r-devel-linux-x86_64-debian-clang | 0.2.0 | 3.58 | 46.33 | 49.91 | OK | |
r-devel-linux-x86_64-debian-gcc | 0.2.0 | 3.13 | 32.25 | 35.38 | OK | |
r-devel-linux-x86_64-fedora-clang | 0.2.0 | 58.52 | NOTE | |||
r-devel-linux-x86_64-fedora-gcc | 0.2.0 | 53.99 | NOTE | |||
r-devel-windows-x86_64 | 0.2.0 | 6.00 | 60.00 | 66.00 | OK | |
r-patched-linux-x86_64 | 0.2.0 | 2.47 | 39.13 | 41.60 | OK | |
r-release-linux-x86_64 | 0.2.0 | 2.65 | 40.63 | 43.28 | OK | |
r-release-macos-arm64 | 0.2.0 | 23.00 | OK | |||
r-release-macos-x86_64 | 0.2.0 | 34.00 | OK | |||
r-release-windows-x86_64 | 0.2.0 | 6.00 | 60.00 | 66.00 | OK | |
r-oldrel-macos-arm64 | 0.2.0 | 20.00 | NOTE | |||
r-oldrel-macos-x86_64 | 0.2.0 | 35.00 | NOTE | |||
r-oldrel-windows-x86_64 | 0.2.0 | 6.00 | 67.00 | 73.00 | OK |
Version: 0.2.0
Check: data for non-ASCII characters
Result: NOTE
Note: found 3 marked UTF-8 strings
Flavors: r-devel-linux-x86_64-fedora-clang, r-devel-linux-x86_64-fedora-gcc, r-oldrel-macos-arm64, r-oldrel-macos-x86_64