CRAN Package Check Results for Package rafalib

Last updated on 2024-04-21 16:55:36 CEST.

Flavor Version Tinstall Tcheck Ttotal Status Flags
r-devel-linux-x86_64-debian-clang 1.0.0 2.03 24.74 26.77 NOTE
r-devel-linux-x86_64-debian-gcc 1.0.0 1.86 19.08 20.94 NOTE
r-devel-linux-x86_64-fedora-clang 1.0.0 34.42 NOTE
r-devel-linux-x86_64-fedora-gcc 1.0.0 33.11 NOTE
r-prerel-macos-arm64 1.0.0 17.00 NOTE
r-prerel-windows-x86_64 1.0.0 4.00 42.00 46.00 NOTE
r-patched-linux-x86_64 1.0.0 2.37 24.26 26.63 NOTE
r-release-linux-x86_64 1.0.0 2.07 24.17 26.24 NOTE
r-release-macos-arm64 1.0.0 17.00 NOTE
r-release-macos-x86_64 1.0.0 22.00 NOTE
r-release-windows-x86_64 1.0.0 3.00 42.00 45.00 NOTE
r-oldrel-macos-arm64 1.0.0 18.00 NOTE
r-oldrel-windows-x86_64 1.0.0 9.00 49.00 58.00 NOTE

Check Details

Version: 1.0.0
Check: LazyData
Result: NOTE 'LazyData' is specified without a 'data' directory Flavors: r-devel-linux-x86_64-debian-clang, r-devel-linux-x86_64-debian-gcc, r-devel-linux-x86_64-fedora-clang, r-devel-linux-x86_64-fedora-gcc, r-prerel-macos-arm64, r-prerel-windows-x86_64, r-patched-linux-x86_64, r-release-linux-x86_64, r-release-macos-arm64, r-release-macos-x86_64, r-release-windows-x86_64, r-oldrel-macos-arm64, r-oldrel-windows-x86_64