CRAN Package Check Results for Package rafalib

Last updated on 2023-02-05 17:51:31 CET.

Flavor Version Tinstall Tcheck Ttotal Status Flags
r-devel-linux-x86_64-debian-clang 1.0.0 2.34 23.85 26.19 NOTE
r-devel-linux-x86_64-debian-gcc 1.0.0 1.92 19.05 20.97 NOTE
r-devel-linux-x86_64-fedora-clang 1.0.0 33.97 NOTE
r-devel-linux-x86_64-fedora-gcc 1.0.0 33.21 NOTE
r-devel-windows-x86_64 1.0.0 18.00 55.00 73.00 NOTE
r-patched-linux-x86_64 1.0.0 2.61 23.86 26.47 NOTE
r-release-linux-x86_64 1.0.0 2.08 23.03 25.11 NOTE
r-release-macos-arm64 1.0.0 16.00 NOTE
r-release-macos-x86_64 1.0.0 21.00 NOTE
r-release-windows-x86_64 1.0.0 9.00 49.00 58.00 NOTE
r-oldrel-macos-arm64 1.0.0 21.00 NOTE
r-oldrel-macos-x86_64 1.0.0 26.00 NOTE
r-oldrel-windows-ix86+x86_64 1.0.0 5.00 41.00 46.00 NOTE

Check Details

Version: 1.0.0
Check: LazyData
Result: NOTE
     'LazyData' is specified without a 'data' directory
Flavors: r-devel-linux-x86_64-debian-clang, r-devel-linux-x86_64-debian-gcc, r-devel-linux-x86_64-fedora-clang, r-devel-linux-x86_64-fedora-gcc, r-devel-windows-x86_64, r-patched-linux-x86_64, r-release-linux-x86_64, r-release-macos-arm64, r-release-macos-x86_64, r-release-windows-x86_64, r-oldrel-macos-arm64, r-oldrel-macos-x86_64, r-oldrel-windows-ix86+x86_64